{"id":16643,"date":"2021-11-30T23:37:43","date_gmt":"2021-12-01T01:37:43","guid":{"rendered":"https:\/\/museuflorestal.ambiente.sp.gov.br\/acervo\/?post_type=tnc_col_329_item&#038;p=16643"},"modified":"2021-11-30T23:37:46","modified_gmt":"2021-12-01T01:37:46","slug":"matriz-de-xilogravura-no-046","status":"publish","type":"tnc_col_329_item","link":"https:\/\/museuflorestal.ambiente.sp.gov.br\/acervo\/museu-florestal-octavio-vecchi\/matriz-de-xilogravura-no-046\/","title":{"rendered":"Matriz de xilogravura n\u00ba 046"},"content":{"rendered":"<p>Taco de madeira com grava\u00e7\u00e3o de retrato de um homem. No verso h\u00e1 a inscri\u00e7\u00e3o &#8220;046&#8221;, etiqueta com a inscri\u00e7\u00e3o &#8220;046&#8221;, fita adesiva com a inscri\u00e7\u00e3o &#8220;25&#8221; e a inscri\u00e7\u00e3o &#8220;A. Kohler&#8221; a l\u00e1pis. Na lateral, a inscri\u00e7\u00e3o &#8220;045&#8221;.<\/p>\n","protected":false},"featured_media":16644,"parent":0,"menu_order":0,"comment_status":"closed","ping_status":"closed","template":"","format":"standard","_links":{"self":[{"href":"https:\/\/museuflorestal.ambiente.sp.gov.br\/acervo\/wp-json\/wp\/v2\/tnc_col_329_item\/16643"}],"collection":[{"href":"https:\/\/museuflorestal.ambiente.sp.gov.br\/acervo\/wp-json\/wp\/v2\/tnc_col_329_item"}],"about":[{"href":"https:\/\/museuflorestal.ambiente.sp.gov.br\/acervo\/wp-json\/wp\/v2\/types\/tnc_col_329_item"}],"replies":[{"embeddable":true,"href":"https:\/\/museuflorestal.ambiente.sp.gov.br\/acervo\/wp-json\/wp\/v2\/comments?post=16643"}],"version-history":[{"count":0,"href":"https:\/\/museuflorestal.ambiente.sp.gov.br\/acervo\/wp-json\/wp\/v2\/tnc_col_329_item\/16643\/revisions"}],"wp:featuredmedia":[{"embeddable":true,"href":"https:\/\/museuflorestal.ambiente.sp.gov.br\/acervo\/wp-json\/wp\/v2\/media\/16644"}],"wp:attachment":[{"href":"https:\/\/museuflorestal.ambiente.sp.gov.br\/acervo\/wp-json\/wp\/v2\/media?parent=16643"}],"curies":[{"name":"wp","href":"https:\/\/api.w.org\/{rel}","templated":true}]}}

Matriz de xilogravura nº 046

<p>Taco de madeira com gravação de retrato de um homem. No verso há a inscrição &#8220;046&#8221;, etiqueta com a inscrição &#8220;046&#8221;, fita adesiva com a inscrição &#8220;25&#8221; e a inscrição &#8220;A. Kohler&#8221; a lápis. Na lateral, a inscrição &#8220;045&#8221;.</p>
