{"id":16655,"date":"2021-11-30T23:38:04","date_gmt":"2021-12-01T01:38:04","guid":{"rendered":"https:\/\/museuflorestal.ambiente.sp.gov.br\/acervo\/?post_type=tnc_col_329_item&#038;p=16655"},"modified":"2021-11-30T23:38:06","modified_gmt":"2021-12-01T01:38:06","slug":"matriz-de-xilogravura-no-049","status":"publish","type":"tnc_col_329_item","link":"https:\/\/museuflorestal.ambiente.sp.gov.br\/acervo\/museu-florestal-octavio-vecchi\/matriz-de-xilogravura-no-049\/","title":{"rendered":"Matriz de xilogravura n\u00ba 049"},"content":{"rendered":"<p>Taco de madeira com grava\u00e7\u00e3o de retrato de Fernando Costa. No canto inferior direito, h\u00e1 a inscri\u00e7\u00e3o espelhada &#8220;Kohler&#8221;. No verso h\u00e1 a inscri\u00e7\u00e3o e etiqueta &#8220;049&#8221;, e a inscri\u00e7\u00e3o &#8220;MF. 4-0023\/1\/2&#8221;. Na lateral h\u00e1 a inscri\u00e7\u00e3o &#8220;MF&#8221;.<\/p>\n","protected":false},"featured_media":16656,"parent":0,"menu_order":0,"comment_status":"closed","ping_status":"closed","template":"","format":"standard","_links":{"self":[{"href":"https:\/\/museuflorestal.ambiente.sp.gov.br\/acervo\/wp-json\/wp\/v2\/tnc_col_329_item\/16655"}],"collection":[{"href":"https:\/\/museuflorestal.ambiente.sp.gov.br\/acervo\/wp-json\/wp\/v2\/tnc_col_329_item"}],"about":[{"href":"https:\/\/museuflorestal.ambiente.sp.gov.br\/acervo\/wp-json\/wp\/v2\/types\/tnc_col_329_item"}],"replies":[{"embeddable":true,"href":"https:\/\/museuflorestal.ambiente.sp.gov.br\/acervo\/wp-json\/wp\/v2\/comments?post=16655"}],"version-history":[{"count":0,"href":"https:\/\/museuflorestal.ambiente.sp.gov.br\/acervo\/wp-json\/wp\/v2\/tnc_col_329_item\/16655\/revisions"}],"wp:featuredmedia":[{"embeddable":true,"href":"https:\/\/museuflorestal.ambiente.sp.gov.br\/acervo\/wp-json\/wp\/v2\/media\/16656"}],"wp:attachment":[{"href":"https:\/\/museuflorestal.ambiente.sp.gov.br\/acervo\/wp-json\/wp\/v2\/media?parent=16655"}],"curies":[{"name":"wp","href":"https:\/\/api.w.org\/{rel}","templated":true}]}}

Matriz de xilogravura nº 049

<p>Taco de madeira com gravação de retrato de Fernando Costa. No canto inferior direito, há a inscrição espelhada &#8220;Kohler&#8221;. No verso há a inscrição e etiqueta &#8220;049&#8221;, e a inscrição &#8220;MF. 4-0023/1/2&#8221;. Na lateral há a inscrição &#8220;MF&#8221;.</p>
