{"id":16676,"date":"2021-11-30T23:38:39","date_gmt":"2021-12-01T01:38:39","guid":{"rendered":"https:\/\/museuflorestal.ambiente.sp.gov.br\/acervo\/?post_type=tnc_col_329_item&#038;p=16676"},"modified":"2021-11-30T23:38:41","modified_gmt":"2021-12-01T01:38:41","slug":"matriz-de-xilogravura-no-053","status":"publish","type":"tnc_col_329_item","link":"https:\/\/museuflorestal.ambiente.sp.gov.br\/acervo\/museu-florestal-octavio-vecchi\/matriz-de-xilogravura-no-053\/","title":{"rendered":"Matriz de xilogravura n\u00ba 053"},"content":{"rendered":"<p>Taco de madeira com grava\u00e7\u00e3o de menina com vestido e la\u00e7o prendendo o cabelo. No verso h\u00e1 a inscri\u00e7\u00e3o &#8220;053&#8221;. Na lateral, &#8220;MF&#8221;.<\/p>\n","protected":false},"featured_media":16677,"parent":0,"menu_order":0,"comment_status":"closed","ping_status":"closed","template":"","format":"standard","_links":{"self":[{"href":"https:\/\/museuflorestal.ambiente.sp.gov.br\/acervo\/wp-json\/wp\/v2\/tnc_col_329_item\/16676"}],"collection":[{"href":"https:\/\/museuflorestal.ambiente.sp.gov.br\/acervo\/wp-json\/wp\/v2\/tnc_col_329_item"}],"about":[{"href":"https:\/\/museuflorestal.ambiente.sp.gov.br\/acervo\/wp-json\/wp\/v2\/types\/tnc_col_329_item"}],"replies":[{"embeddable":true,"href":"https:\/\/museuflorestal.ambiente.sp.gov.br\/acervo\/wp-json\/wp\/v2\/comments?post=16676"}],"version-history":[{"count":0,"href":"https:\/\/museuflorestal.ambiente.sp.gov.br\/acervo\/wp-json\/wp\/v2\/tnc_col_329_item\/16676\/revisions"}],"wp:featuredmedia":[{"embeddable":true,"href":"https:\/\/museuflorestal.ambiente.sp.gov.br\/acervo\/wp-json\/wp\/v2\/media\/16677"}],"wp:attachment":[{"href":"https:\/\/museuflorestal.ambiente.sp.gov.br\/acervo\/wp-json\/wp\/v2\/media?parent=16676"}],"curies":[{"name":"wp","href":"https:\/\/api.w.org\/{rel}","templated":true}]}}

Matriz de xilogravura nº 053

<p>Taco de madeira com gravação de menina com vestido e laço prendendo o cabelo. No verso há a inscrição &#8220;053&#8221;. Na lateral, &#8220;MF&#8221;.</p>
