{"id":16681,"date":"2021-11-30T23:38:47","date_gmt":"2021-12-01T01:38:47","guid":{"rendered":"https:\/\/museuflorestal.ambiente.sp.gov.br\/acervo\/?post_type=tnc_col_329_item&#038;p=16681"},"modified":"2021-11-30T23:38:49","modified_gmt":"2021-12-01T01:38:49","slug":"matriz-de-xilogravura-no-054","status":"publish","type":"tnc_col_329_item","link":"https:\/\/museuflorestal.ambiente.sp.gov.br\/acervo\/museu-florestal-octavio-vecchi\/matriz-de-xilogravura-no-054\/","title":{"rendered":"Matriz de xilogravura n\u00ba 054"},"content":{"rendered":"<p>Taco de madeira com grava\u00e7\u00e3o de sapateiro em seu of\u00edcio. No verso h\u00e1 a inscri\u00e7\u00e3o &#8220;054&#8221; e entalhe &#8220;17&#8221;. Na lateral h\u00e1 a inscri\u00e7\u00e3o &#8220;MF054&#8221;.<\/p>\n","protected":false},"featured_media":16682,"parent":0,"menu_order":0,"comment_status":"closed","ping_status":"closed","template":"","format":"standard","_links":{"self":[{"href":"https:\/\/museuflorestal.ambiente.sp.gov.br\/acervo\/wp-json\/wp\/v2\/tnc_col_329_item\/16681"}],"collection":[{"href":"https:\/\/museuflorestal.ambiente.sp.gov.br\/acervo\/wp-json\/wp\/v2\/tnc_col_329_item"}],"about":[{"href":"https:\/\/museuflorestal.ambiente.sp.gov.br\/acervo\/wp-json\/wp\/v2\/types\/tnc_col_329_item"}],"replies":[{"embeddable":true,"href":"https:\/\/museuflorestal.ambiente.sp.gov.br\/acervo\/wp-json\/wp\/v2\/comments?post=16681"}],"version-history":[{"count":0,"href":"https:\/\/museuflorestal.ambiente.sp.gov.br\/acervo\/wp-json\/wp\/v2\/tnc_col_329_item\/16681\/revisions"}],"wp:featuredmedia":[{"embeddable":true,"href":"https:\/\/museuflorestal.ambiente.sp.gov.br\/acervo\/wp-json\/wp\/v2\/media\/16682"}],"wp:attachment":[{"href":"https:\/\/museuflorestal.ambiente.sp.gov.br\/acervo\/wp-json\/wp\/v2\/media?parent=16681"}],"curies":[{"name":"wp","href":"https:\/\/api.w.org\/{rel}","templated":true}]}}

Matriz de xilogravura nº 054

<p>Taco de madeira com gravação de sapateiro em seu ofício. No verso há a inscrição &#8220;054&#8221; e entalhe &#8220;17&#8221;. Na lateral há a inscrição &#8220;MF054&#8221;.</p>
