{"id":16782,"date":"2021-11-30T23:41:42","date_gmt":"2021-12-01T01:41:42","guid":{"rendered":"https:\/\/museuflorestal.ambiente.sp.gov.br\/acervo\/?post_type=tnc_col_329_item&#038;p=16782"},"modified":"2021-11-30T23:41:44","modified_gmt":"2021-12-01T01:41:44","slug":"matriz-de-xilogravura-no-076","status":"publish","type":"tnc_col_329_item","link":"https:\/\/museuflorestal.ambiente.sp.gov.br\/acervo\/museu-florestal-octavio-vecchi\/matriz-de-xilogravura-no-076\/","title":{"rendered":"Matriz de xilogravura n\u00ba 076"},"content":{"rendered":"<p>Taco de madeira com grava\u00e7\u00e3o espelhada de logotipo Waldemar Moll. No verso h\u00e1 as inscri\u00e7\u00f5es &#8220;076&#8221;,&#8221;WM&#8221; e entalhe &#8220;11&#8221;. Na lateral h\u00e1 as inscri\u00e7\u00f5es &#8220;MF&#8221; e &#8220;MF072&#8221;.<\/p>\n","protected":false},"featured_media":16783,"parent":0,"menu_order":0,"comment_status":"closed","ping_status":"closed","template":"","format":"standard","_links":{"self":[{"href":"https:\/\/museuflorestal.ambiente.sp.gov.br\/acervo\/wp-json\/wp\/v2\/tnc_col_329_item\/16782"}],"collection":[{"href":"https:\/\/museuflorestal.ambiente.sp.gov.br\/acervo\/wp-json\/wp\/v2\/tnc_col_329_item"}],"about":[{"href":"https:\/\/museuflorestal.ambiente.sp.gov.br\/acervo\/wp-json\/wp\/v2\/types\/tnc_col_329_item"}],"replies":[{"embeddable":true,"href":"https:\/\/museuflorestal.ambiente.sp.gov.br\/acervo\/wp-json\/wp\/v2\/comments?post=16782"}],"version-history":[{"count":0,"href":"https:\/\/museuflorestal.ambiente.sp.gov.br\/acervo\/wp-json\/wp\/v2\/tnc_col_329_item\/16782\/revisions"}],"wp:featuredmedia":[{"embeddable":true,"href":"https:\/\/museuflorestal.ambiente.sp.gov.br\/acervo\/wp-json\/wp\/v2\/media\/16783"}],"wp:attachment":[{"href":"https:\/\/museuflorestal.ambiente.sp.gov.br\/acervo\/wp-json\/wp\/v2\/media?parent=16782"}],"curies":[{"name":"wp","href":"https:\/\/api.w.org\/{rel}","templated":true}]}}

Matriz de xilogravura nº 076

<p>Taco de madeira com gravação espelhada de logotipo Waldemar Moll. No verso há as inscrições &#8220;076&#8221;,&#8221;WM&#8221; e entalhe &#8220;11&#8221;. Na lateral há as inscrições &#8220;MF&#8221; e &#8220;MF072&#8221;.</p>
