{"id":16816,"date":"2021-11-30T23:42:39","date_gmt":"2021-12-01T01:42:39","guid":{"rendered":"https:\/\/museuflorestal.ambiente.sp.gov.br\/acervo\/?post_type=tnc_col_329_item&#038;p=16816"},"modified":"2021-11-30T23:42:41","modified_gmt":"2021-12-01T01:42:41","slug":"matriz-de-xilogravura-no-083","status":"publish","type":"tnc_col_329_item","link":"https:\/\/museuflorestal.ambiente.sp.gov.br\/acervo\/museu-florestal-octavio-vecchi\/matriz-de-xilogravura-no-083\/","title":{"rendered":"Matriz de xilogravura n\u00ba 083"},"content":{"rendered":"<p>Taco de madeira com grava\u00e7\u00e3o de logo oval com inscri\u00e7\u00e3o espelhada &#8220;Eubaco&#8221;. No verso h\u00e1 as inscri\u00e7\u00f5es &#8220;083&#8221; e &#8220;EP&#8221;. Na lateral, &#8220;MF079&#8221;.<\/p>\n","protected":false},"featured_media":16817,"parent":0,"menu_order":0,"comment_status":"closed","ping_status":"closed","template":"","format":"standard","_links":{"self":[{"href":"https:\/\/museuflorestal.ambiente.sp.gov.br\/acervo\/wp-json\/wp\/v2\/tnc_col_329_item\/16816"}],"collection":[{"href":"https:\/\/museuflorestal.ambiente.sp.gov.br\/acervo\/wp-json\/wp\/v2\/tnc_col_329_item"}],"about":[{"href":"https:\/\/museuflorestal.ambiente.sp.gov.br\/acervo\/wp-json\/wp\/v2\/types\/tnc_col_329_item"}],"replies":[{"embeddable":true,"href":"https:\/\/museuflorestal.ambiente.sp.gov.br\/acervo\/wp-json\/wp\/v2\/comments?post=16816"}],"version-history":[{"count":0,"href":"https:\/\/museuflorestal.ambiente.sp.gov.br\/acervo\/wp-json\/wp\/v2\/tnc_col_329_item\/16816\/revisions"}],"wp:featuredmedia":[{"embeddable":true,"href":"https:\/\/museuflorestal.ambiente.sp.gov.br\/acervo\/wp-json\/wp\/v2\/media\/16817"}],"wp:attachment":[{"href":"https:\/\/museuflorestal.ambiente.sp.gov.br\/acervo\/wp-json\/wp\/v2\/media?parent=16816"}],"curies":[{"name":"wp","href":"https:\/\/api.w.org\/{rel}","templated":true}]}}

Matriz de xilogravura nº 083

<p>Taco de madeira com gravação de logo oval com inscrição espelhada &#8220;Eubaco&#8221;. No verso há as inscrições &#8220;083&#8221; e &#8220;EP&#8221;. Na lateral, &#8220;MF079&#8221;.</p>
