{"id":16850,"date":"2021-11-30T23:43:35","date_gmt":"2021-12-01T01:43:35","guid":{"rendered":"https:\/\/museuflorestal.ambiente.sp.gov.br\/acervo\/?post_type=tnc_col_329_item&#038;p=16850"},"modified":"2021-11-30T23:43:37","modified_gmt":"2021-12-01T01:43:37","slug":"matriz-de-xilogravura-no-091","status":"publish","type":"tnc_col_329_item","link":"https:\/\/museuflorestal.ambiente.sp.gov.br\/acervo\/museu-florestal-octavio-vecchi\/matriz-de-xilogravura-no-091\/","title":{"rendered":"Matriz de xilogravura n\u00ba 091"},"content":{"rendered":"<p>Taco de madeira com grava\u00e7\u00e3o espelhada de propaganda &#8220;Creme de Sab\u00e3o Beija Fl\u00f4r&#8221;, em formato oval com moldura estilo rococ\u00f3. No verso h\u00e1 a inscri\u00e7\u00e3o &#8220;091&#8221;. Na lateral, &#8220;MF84&#8221;.<\/p>\n","protected":false},"featured_media":16851,"parent":0,"menu_order":0,"comment_status":"closed","ping_status":"closed","template":"","format":"standard","_links":{"self":[{"href":"https:\/\/museuflorestal.ambiente.sp.gov.br\/acervo\/wp-json\/wp\/v2\/tnc_col_329_item\/16850"}],"collection":[{"href":"https:\/\/museuflorestal.ambiente.sp.gov.br\/acervo\/wp-json\/wp\/v2\/tnc_col_329_item"}],"about":[{"href":"https:\/\/museuflorestal.ambiente.sp.gov.br\/acervo\/wp-json\/wp\/v2\/types\/tnc_col_329_item"}],"replies":[{"embeddable":true,"href":"https:\/\/museuflorestal.ambiente.sp.gov.br\/acervo\/wp-json\/wp\/v2\/comments?post=16850"}],"version-history":[{"count":0,"href":"https:\/\/museuflorestal.ambiente.sp.gov.br\/acervo\/wp-json\/wp\/v2\/tnc_col_329_item\/16850\/revisions"}],"wp:featuredmedia":[{"embeddable":true,"href":"https:\/\/museuflorestal.ambiente.sp.gov.br\/acervo\/wp-json\/wp\/v2\/media\/16851"}],"wp:attachment":[{"href":"https:\/\/museuflorestal.ambiente.sp.gov.br\/acervo\/wp-json\/wp\/v2\/media?parent=16850"}],"curies":[{"name":"wp","href":"https:\/\/api.w.org\/{rel}","templated":true}]}}

Matriz de xilogravura nº 091

<p>Taco de madeira com gravação espelhada de propaganda &#8220;Creme de Sabão Beija Flôr&#8221;, em formato oval com moldura estilo rococó. No verso há a inscrição &#8220;091&#8221;. Na lateral, &#8220;MF84&#8221;.</p>
