{"id":16859,"date":"2021-11-30T23:43:50","date_gmt":"2021-12-01T01:43:50","guid":{"rendered":"https:\/\/museuflorestal.ambiente.sp.gov.br\/acervo\/?post_type=tnc_col_329_item&#038;p=16859"},"modified":"2021-11-30T23:43:53","modified_gmt":"2021-12-01T01:43:53","slug":"matriz-de-xilogravura-no-093","status":"publish","type":"tnc_col_329_item","link":"https:\/\/museuflorestal.ambiente.sp.gov.br\/acervo\/museu-florestal-octavio-vecchi\/matriz-de-xilogravura-no-093\/","title":{"rendered":"Matriz de xilogravura n\u00ba 093"},"content":{"rendered":"<p>Taco de madeira com grava\u00e7\u00e3o de an\u00fancio &#8220;Casmuniz Gasog\u00eanio Velos&#8221;. No verso h\u00e1 a inscri\u00e7\u00e3o &#8220;093&#8221;. Na lateral, &#8220;MF&#8221;.<\/p>\n","protected":false},"featured_media":16860,"parent":0,"menu_order":0,"comment_status":"closed","ping_status":"closed","template":"","format":"standard","_links":{"self":[{"href":"https:\/\/museuflorestal.ambiente.sp.gov.br\/acervo\/wp-json\/wp\/v2\/tnc_col_329_item\/16859"}],"collection":[{"href":"https:\/\/museuflorestal.ambiente.sp.gov.br\/acervo\/wp-json\/wp\/v2\/tnc_col_329_item"}],"about":[{"href":"https:\/\/museuflorestal.ambiente.sp.gov.br\/acervo\/wp-json\/wp\/v2\/types\/tnc_col_329_item"}],"replies":[{"embeddable":true,"href":"https:\/\/museuflorestal.ambiente.sp.gov.br\/acervo\/wp-json\/wp\/v2\/comments?post=16859"}],"version-history":[{"count":0,"href":"https:\/\/museuflorestal.ambiente.sp.gov.br\/acervo\/wp-json\/wp\/v2\/tnc_col_329_item\/16859\/revisions"}],"wp:featuredmedia":[{"embeddable":true,"href":"https:\/\/museuflorestal.ambiente.sp.gov.br\/acervo\/wp-json\/wp\/v2\/media\/16860"}],"wp:attachment":[{"href":"https:\/\/museuflorestal.ambiente.sp.gov.br\/acervo\/wp-json\/wp\/v2\/media?parent=16859"}],"curies":[{"name":"wp","href":"https:\/\/api.w.org\/{rel}","templated":true}]}}

Matriz de xilogravura nº 093

<p>Taco de madeira com gravação de anúncio &#8220;Casmuniz Gasogênio Velos&#8221;. No verso há a inscrição &#8220;093&#8221;. Na lateral, &#8220;MF&#8221;.</p>
