{"id":16877,"date":"2021-11-30T23:44:18","date_gmt":"2021-12-01T01:44:18","guid":{"rendered":"https:\/\/museuflorestal.ambiente.sp.gov.br\/acervo\/?post_type=tnc_col_329_item&#038;p=16877"},"modified":"2021-11-30T23:44:20","modified_gmt":"2021-12-01T01:44:20","slug":"matriz-de-xilogravura-no-097","status":"publish","type":"tnc_col_329_item","link":"https:\/\/museuflorestal.ambiente.sp.gov.br\/acervo\/museu-florestal-octavio-vecchi\/matriz-de-xilogravura-no-097\/","title":{"rendered":"Matriz de xilogravura n\u00ba 097"},"content":{"rendered":"<p>Taco de madeira com grava\u00e7\u00e3o espelhada de propaganda &#8220;Velas Bahia&#8221;. No verso h\u00e1 as inscri\u00e7\u00f5es &#8220;097&#8221;, &#8220;Waldemar&#8221; e &#8220;12&#8221; entalhado. Na lateral h\u00e1 a inscri\u00e7\u00e3o &#8220;MF&#8221;.<\/p>\n","protected":false},"featured_media":16878,"parent":0,"menu_order":0,"comment_status":"closed","ping_status":"closed","template":"","format":"standard","_links":{"self":[{"href":"https:\/\/museuflorestal.ambiente.sp.gov.br\/acervo\/wp-json\/wp\/v2\/tnc_col_329_item\/16877"}],"collection":[{"href":"https:\/\/museuflorestal.ambiente.sp.gov.br\/acervo\/wp-json\/wp\/v2\/tnc_col_329_item"}],"about":[{"href":"https:\/\/museuflorestal.ambiente.sp.gov.br\/acervo\/wp-json\/wp\/v2\/types\/tnc_col_329_item"}],"replies":[{"embeddable":true,"href":"https:\/\/museuflorestal.ambiente.sp.gov.br\/acervo\/wp-json\/wp\/v2\/comments?post=16877"}],"version-history":[{"count":0,"href":"https:\/\/museuflorestal.ambiente.sp.gov.br\/acervo\/wp-json\/wp\/v2\/tnc_col_329_item\/16877\/revisions"}],"wp:featuredmedia":[{"embeddable":true,"href":"https:\/\/museuflorestal.ambiente.sp.gov.br\/acervo\/wp-json\/wp\/v2\/media\/16878"}],"wp:attachment":[{"href":"https:\/\/museuflorestal.ambiente.sp.gov.br\/acervo\/wp-json\/wp\/v2\/media?parent=16877"}],"curies":[{"name":"wp","href":"https:\/\/api.w.org\/{rel}","templated":true}]}}

Matriz de xilogravura nº 097

<p>Taco de madeira com gravação espelhada de propaganda &#8220;Velas Bahia&#8221;. No verso há as inscrições &#8220;097&#8221;, &#8220;Waldemar&#8221; e &#8220;12&#8221; entalhado. Na lateral há a inscrição &#8220;MF&#8221;.</p>
