{"id":16881,"date":"2021-11-30T23:44:23","date_gmt":"2021-12-01T01:44:23","guid":{"rendered":"https:\/\/museuflorestal.ambiente.sp.gov.br\/acervo\/?post_type=tnc_col_329_item&#038;p=16881"},"modified":"2021-11-30T23:44:26","modified_gmt":"2021-12-01T01:44:26","slug":"matriz-de-xilogravura-no-098","status":"publish","type":"tnc_col_329_item","link":"https:\/\/museuflorestal.ambiente.sp.gov.br\/acervo\/museu-florestal-octavio-vecchi\/matriz-de-xilogravura-no-098\/","title":{"rendered":"Matriz de xilogravura n\u00ba 098"},"content":{"rendered":"<p>Taco de madeira com grava\u00e7\u00e3o espelhada de propaganda &#8220;Soc. Com. Piratininga Vasone Junior &amp; Cia. &#8220;. No verso h\u00e1 a inscri\u00e7\u00e3o &#8220;098&#8221;. Na lateral, &#8220;MF&#8221; e &#8220;098&#8221;.<\/p>\n","protected":false},"featured_media":16882,"parent":0,"menu_order":0,"comment_status":"closed","ping_status":"closed","template":"","format":"standard","_links":{"self":[{"href":"https:\/\/museuflorestal.ambiente.sp.gov.br\/acervo\/wp-json\/wp\/v2\/tnc_col_329_item\/16881"}],"collection":[{"href":"https:\/\/museuflorestal.ambiente.sp.gov.br\/acervo\/wp-json\/wp\/v2\/tnc_col_329_item"}],"about":[{"href":"https:\/\/museuflorestal.ambiente.sp.gov.br\/acervo\/wp-json\/wp\/v2\/types\/tnc_col_329_item"}],"replies":[{"embeddable":true,"href":"https:\/\/museuflorestal.ambiente.sp.gov.br\/acervo\/wp-json\/wp\/v2\/comments?post=16881"}],"version-history":[{"count":0,"href":"https:\/\/museuflorestal.ambiente.sp.gov.br\/acervo\/wp-json\/wp\/v2\/tnc_col_329_item\/16881\/revisions"}],"wp:featuredmedia":[{"embeddable":true,"href":"https:\/\/museuflorestal.ambiente.sp.gov.br\/acervo\/wp-json\/wp\/v2\/media\/16882"}],"wp:attachment":[{"href":"https:\/\/museuflorestal.ambiente.sp.gov.br\/acervo\/wp-json\/wp\/v2\/media?parent=16881"}],"curies":[{"name":"wp","href":"https:\/\/api.w.org\/{rel}","templated":true}]}}

Matriz de xilogravura nº 098

<p>Taco de madeira com gravação espelhada de propaganda &#8220;Soc. Com. Piratininga Vasone Junior &amp; Cia. &#8220;. No verso há a inscrição &#8220;098&#8221;. Na lateral, &#8220;MF&#8221; e &#8220;098&#8221;.</p>
