{"id":16894,"date":"2021-11-30T23:44:39","date_gmt":"2021-12-01T01:44:39","guid":{"rendered":"https:\/\/museuflorestal.ambiente.sp.gov.br\/acervo\/?post_type=tnc_col_329_item&#038;p=16894"},"modified":"2021-11-30T23:44:42","modified_gmt":"2021-12-01T01:44:42","slug":"matriz-de-xilogravura-no-100","status":"publish","type":"tnc_col_329_item","link":"https:\/\/museuflorestal.ambiente.sp.gov.br\/acervo\/museu-florestal-octavio-vecchi\/matriz-de-xilogravura-no-100\/","title":{"rendered":"Matriz de xilogravura n\u00ba 100"},"content":{"rendered":"<p>Taco de madeira com grava\u00e7\u00e3o propaganda com a inscri\u00e7\u00e3o &#8220;Meine hausmarke der preiswerte kaffe e mitdem k\u00f6sflichen aroma. Kaffee &#8216;Fez'&#8221;. No verso h\u00e1 a inscri\u00e7\u00e3o &#8220;100&#8221;. Na lateral, &#8220;MF&#8221;.<\/p>\n","protected":false},"featured_media":16895,"parent":0,"menu_order":0,"comment_status":"closed","ping_status":"closed","template":"","format":"standard","_links":{"self":[{"href":"https:\/\/museuflorestal.ambiente.sp.gov.br\/acervo\/wp-json\/wp\/v2\/tnc_col_329_item\/16894"}],"collection":[{"href":"https:\/\/museuflorestal.ambiente.sp.gov.br\/acervo\/wp-json\/wp\/v2\/tnc_col_329_item"}],"about":[{"href":"https:\/\/museuflorestal.ambiente.sp.gov.br\/acervo\/wp-json\/wp\/v2\/types\/tnc_col_329_item"}],"replies":[{"embeddable":true,"href":"https:\/\/museuflorestal.ambiente.sp.gov.br\/acervo\/wp-json\/wp\/v2\/comments?post=16894"}],"version-history":[{"count":0,"href":"https:\/\/museuflorestal.ambiente.sp.gov.br\/acervo\/wp-json\/wp\/v2\/tnc_col_329_item\/16894\/revisions"}],"wp:featuredmedia":[{"embeddable":true,"href":"https:\/\/museuflorestal.ambiente.sp.gov.br\/acervo\/wp-json\/wp\/v2\/media\/16895"}],"wp:attachment":[{"href":"https:\/\/museuflorestal.ambiente.sp.gov.br\/acervo\/wp-json\/wp\/v2\/media?parent=16894"}],"curies":[{"name":"wp","href":"https:\/\/api.w.org\/{rel}","templated":true}]}}

Matriz de xilogravura nº 100

<p>Taco de madeira com gravação propaganda com a inscrição &#8220;Meine hausmarke der preiswerte kaffe e mitdem kösflichen aroma. Kaffee &#8216;Fez'&#8221;. No verso há a inscrição &#8220;100&#8221;. Na lateral, &#8220;MF&#8221;.</p>
