{"id":16963,"date":"2021-11-30T23:46:06","date_gmt":"2021-12-01T01:46:06","guid":{"rendered":"https:\/\/museuflorestal.ambiente.sp.gov.br\/acervo\/?post_type=tnc_col_329_item&#038;p=16963"},"modified":"2021-11-30T23:46:07","modified_gmt":"2021-12-01T01:46:07","slug":"matriz-de-xilogravura-no-117","status":"publish","type":"tnc_col_329_item","link":"https:\/\/museuflorestal.ambiente.sp.gov.br\/acervo\/museu-florestal-octavio-vecchi\/matriz-de-xilogravura-no-117\/","title":{"rendered":"Matriz de xilogravura n\u00ba 117"},"content":{"rendered":"<p>Taco de madeira com grava\u00e7\u00e3o de logomarca &#8220;V\u00e9ra Tintas&#8221;. No verso h\u00e1 a inscri\u00e7\u00e3o &#8220;117&#8221;. Na lateral, &#8220;MF&#8221; e &#8220;113&#8221;.<\/p>\n","protected":false},"featured_media":16964,"parent":0,"menu_order":0,"comment_status":"closed","ping_status":"closed","template":"","format":"standard","_links":{"self":[{"href":"https:\/\/museuflorestal.ambiente.sp.gov.br\/acervo\/wp-json\/wp\/v2\/tnc_col_329_item\/16963"}],"collection":[{"href":"https:\/\/museuflorestal.ambiente.sp.gov.br\/acervo\/wp-json\/wp\/v2\/tnc_col_329_item"}],"about":[{"href":"https:\/\/museuflorestal.ambiente.sp.gov.br\/acervo\/wp-json\/wp\/v2\/types\/tnc_col_329_item"}],"replies":[{"embeddable":true,"href":"https:\/\/museuflorestal.ambiente.sp.gov.br\/acervo\/wp-json\/wp\/v2\/comments?post=16963"}],"version-history":[{"count":0,"href":"https:\/\/museuflorestal.ambiente.sp.gov.br\/acervo\/wp-json\/wp\/v2\/tnc_col_329_item\/16963\/revisions"}],"wp:featuredmedia":[{"embeddable":true,"href":"https:\/\/museuflorestal.ambiente.sp.gov.br\/acervo\/wp-json\/wp\/v2\/media\/16964"}],"wp:attachment":[{"href":"https:\/\/museuflorestal.ambiente.sp.gov.br\/acervo\/wp-json\/wp\/v2\/media?parent=16963"}],"curies":[{"name":"wp","href":"https:\/\/api.w.org\/{rel}","templated":true}]}}

Matriz de xilogravura nº 117

<p>Taco de madeira com gravação de logomarca &#8220;Véra Tintas&#8221;. No verso há a inscrição &#8220;117&#8221;. Na lateral, &#8220;MF&#8221; e &#8220;113&#8221;.</p>
