{"id":17086,"date":"2021-11-30T23:48:30","date_gmt":"2021-12-01T01:48:30","guid":{"rendered":"https:\/\/museuflorestal.ambiente.sp.gov.br\/acervo\/?post_type=tnc_col_329_item&#038;p=17086"},"modified":"2021-11-30T23:48:33","modified_gmt":"2021-12-01T01:48:33","slug":"matriz-de-xilogravura-no-148","status":"publish","type":"tnc_col_329_item","link":"https:\/\/museuflorestal.ambiente.sp.gov.br\/acervo\/museu-florestal-octavio-vecchi\/matriz-de-xilogravura-no-148\/","title":{"rendered":"Matriz de xilogravura n\u00ba 148"},"content":{"rendered":"<p>Taco de madeira com grava\u00e7\u00e3o de rel\u00f3gio despertador. No verso h\u00e1 a inscri\u00e7\u00e3o &#8220;148&#8221;. Na lateral, &#8220;MF&#8221; e &#8220;148&#8221;.<\/p>\n","protected":false},"featured_media":17087,"parent":0,"menu_order":0,"comment_status":"closed","ping_status":"closed","template":"","format":"standard","_links":{"self":[{"href":"https:\/\/museuflorestal.ambiente.sp.gov.br\/acervo\/wp-json\/wp\/v2\/tnc_col_329_item\/17086"}],"collection":[{"href":"https:\/\/museuflorestal.ambiente.sp.gov.br\/acervo\/wp-json\/wp\/v2\/tnc_col_329_item"}],"about":[{"href":"https:\/\/museuflorestal.ambiente.sp.gov.br\/acervo\/wp-json\/wp\/v2\/types\/tnc_col_329_item"}],"replies":[{"embeddable":true,"href":"https:\/\/museuflorestal.ambiente.sp.gov.br\/acervo\/wp-json\/wp\/v2\/comments?post=17086"}],"version-history":[{"count":0,"href":"https:\/\/museuflorestal.ambiente.sp.gov.br\/acervo\/wp-json\/wp\/v2\/tnc_col_329_item\/17086\/revisions"}],"wp:featuredmedia":[{"embeddable":true,"href":"https:\/\/museuflorestal.ambiente.sp.gov.br\/acervo\/wp-json\/wp\/v2\/media\/17087"}],"wp:attachment":[{"href":"https:\/\/museuflorestal.ambiente.sp.gov.br\/acervo\/wp-json\/wp\/v2\/media?parent=17086"}],"curies":[{"name":"wp","href":"https:\/\/api.w.org\/{rel}","templated":true}]}}

Matriz de xilogravura nº 148

<p>Taco de madeira com gravação de relógio despertador. No verso há a inscrição &#8220;148&#8221;. Na lateral, &#8220;MF&#8221; e &#8220;148&#8221;.</p>
