{"id":17106,"date":"2021-11-30T23:48:56","date_gmt":"2021-12-01T01:48:56","guid":{"rendered":"https:\/\/museuflorestal.ambiente.sp.gov.br\/acervo\/?post_type=tnc_col_329_item&#038;p=17106"},"modified":"2021-11-30T23:48:57","modified_gmt":"2021-12-01T01:48:57","slug":"matriz-de-xilogravura-no-153","status":"publish","type":"tnc_col_329_item","link":"https:\/\/museuflorestal.ambiente.sp.gov.br\/acervo\/museu-florestal-octavio-vecchi\/matriz-de-xilogravura-no-153\/","title":{"rendered":"Matriz de xilogravura n\u00ba 153"},"content":{"rendered":"<p>Taco de madeira com grava\u00e7\u00e3o de gr\u00e1fico de temperatura e umidade. No verso h\u00e1 a inscri\u00e7\u00e3o &#8220;153&#8221;, etiqueta com a inscri\u00e7\u00e3o &#8220;153&#8221; e &#8220;AK&#8221; a l\u00e1pis. Na lateral h\u00e1 as inscri\u00e7\u00f5es &#8220;MF&#8221; e &#8220;153&#8221;.<\/p>\n","protected":false},"featured_media":17107,"parent":0,"menu_order":0,"comment_status":"closed","ping_status":"closed","template":"","format":"standard","_links":{"self":[{"href":"https:\/\/museuflorestal.ambiente.sp.gov.br\/acervo\/wp-json\/wp\/v2\/tnc_col_329_item\/17106"}],"collection":[{"href":"https:\/\/museuflorestal.ambiente.sp.gov.br\/acervo\/wp-json\/wp\/v2\/tnc_col_329_item"}],"about":[{"href":"https:\/\/museuflorestal.ambiente.sp.gov.br\/acervo\/wp-json\/wp\/v2\/types\/tnc_col_329_item"}],"replies":[{"embeddable":true,"href":"https:\/\/museuflorestal.ambiente.sp.gov.br\/acervo\/wp-json\/wp\/v2\/comments?post=17106"}],"version-history":[{"count":0,"href":"https:\/\/museuflorestal.ambiente.sp.gov.br\/acervo\/wp-json\/wp\/v2\/tnc_col_329_item\/17106\/revisions"}],"wp:featuredmedia":[{"embeddable":true,"href":"https:\/\/museuflorestal.ambiente.sp.gov.br\/acervo\/wp-json\/wp\/v2\/media\/17107"}],"wp:attachment":[{"href":"https:\/\/museuflorestal.ambiente.sp.gov.br\/acervo\/wp-json\/wp\/v2\/media?parent=17106"}],"curies":[{"name":"wp","href":"https:\/\/api.w.org\/{rel}","templated":true}]}}

Matriz de xilogravura nº 153

<p>Taco de madeira com gravação de gráfico de temperatura e umidade. No verso há a inscrição &#8220;153&#8221;, etiqueta com a inscrição &#8220;153&#8221; e &#8220;AK&#8221; a lápis. Na lateral há as inscrições &#8220;MF&#8221; e &#8220;153&#8221;.</p>
