{"id":17121,"date":"2021-11-30T23:49:17","date_gmt":"2021-12-01T01:49:17","guid":{"rendered":"https:\/\/museuflorestal.ambiente.sp.gov.br\/acervo\/?post_type=tnc_col_329_item&#038;p=17121"},"modified":"2021-11-30T23:49:19","modified_gmt":"2021-12-01T01:49:19","slug":"matriz-de-xilogravura-no-156","status":"publish","type":"tnc_col_329_item","link":"https:\/\/museuflorestal.ambiente.sp.gov.br\/acervo\/museu-florestal-octavio-vecchi\/matriz-de-xilogravura-no-156\/","title":{"rendered":"Matriz de xilogravura n\u00ba 156"},"content":{"rendered":"<p>Taco de madeira com grava\u00e7\u00e3o de maleta aberta com pap\u00e9is, pastas, tesoura e canetas. No verso h\u00e1 a inscri\u00e7\u00e3o &#8220;156&#8221;. Em uma das laterais h\u00e1 as inscri\u00e7\u00f5es &#8220;MF&#8221; e &#8220;181&#8221;; e em outra lateral, &#8220;156&#8221; a l\u00e1pis.<\/p>\n","protected":false},"featured_media":17122,"parent":0,"menu_order":0,"comment_status":"closed","ping_status":"closed","template":"","format":"standard","_links":{"self":[{"href":"https:\/\/museuflorestal.ambiente.sp.gov.br\/acervo\/wp-json\/wp\/v2\/tnc_col_329_item\/17121"}],"collection":[{"href":"https:\/\/museuflorestal.ambiente.sp.gov.br\/acervo\/wp-json\/wp\/v2\/tnc_col_329_item"}],"about":[{"href":"https:\/\/museuflorestal.ambiente.sp.gov.br\/acervo\/wp-json\/wp\/v2\/types\/tnc_col_329_item"}],"replies":[{"embeddable":true,"href":"https:\/\/museuflorestal.ambiente.sp.gov.br\/acervo\/wp-json\/wp\/v2\/comments?post=17121"}],"version-history":[{"count":0,"href":"https:\/\/museuflorestal.ambiente.sp.gov.br\/acervo\/wp-json\/wp\/v2\/tnc_col_329_item\/17121\/revisions"}],"wp:featuredmedia":[{"embeddable":true,"href":"https:\/\/museuflorestal.ambiente.sp.gov.br\/acervo\/wp-json\/wp\/v2\/media\/17122"}],"wp:attachment":[{"href":"https:\/\/museuflorestal.ambiente.sp.gov.br\/acervo\/wp-json\/wp\/v2\/media?parent=17121"}],"curies":[{"name":"wp","href":"https:\/\/api.w.org\/{rel}","templated":true}]}}

Matriz de xilogravura nº 156

<p>Taco de madeira com gravação de maleta aberta com papéis, pastas, tesoura e canetas. No verso há a inscrição &#8220;156&#8221;. Em uma das laterais há as inscrições &#8220;MF&#8221; e &#8220;181&#8221;; e em outra lateral, &#8220;156&#8221; a lápis.</p>
