{"id":17161,"date":"2021-11-30T23:50:33","date_gmt":"2021-12-01T01:50:33","guid":{"rendered":"https:\/\/museuflorestal.ambiente.sp.gov.br\/acervo\/?post_type=tnc_col_329_item&#038;p=17161"},"modified":"2021-11-30T23:50:36","modified_gmt":"2021-12-01T01:50:36","slug":"matriz-de-xilogravura-no-165","status":"publish","type":"tnc_col_329_item","link":"https:\/\/museuflorestal.ambiente.sp.gov.br\/acervo\/museu-florestal-octavio-vecchi\/matriz-de-xilogravura-no-165\/","title":{"rendered":"Matriz de xilogravura n\u00ba 165"},"content":{"rendered":"<p>Taco de madeira com grava\u00e7\u00e3o de chamin\u00e9. No verso h\u00e1 a inscri\u00e7\u00e3o &#8220;165&#8221;. Na lateral, &#8220;MF&#8221; e &#8220;165&#8221;.<\/p>\n","protected":false},"featured_media":17162,"parent":0,"menu_order":0,"comment_status":"closed","ping_status":"closed","template":"","format":"standard","_links":{"self":[{"href":"https:\/\/museuflorestal.ambiente.sp.gov.br\/acervo\/wp-json\/wp\/v2\/tnc_col_329_item\/17161"}],"collection":[{"href":"https:\/\/museuflorestal.ambiente.sp.gov.br\/acervo\/wp-json\/wp\/v2\/tnc_col_329_item"}],"about":[{"href":"https:\/\/museuflorestal.ambiente.sp.gov.br\/acervo\/wp-json\/wp\/v2\/types\/tnc_col_329_item"}],"replies":[{"embeddable":true,"href":"https:\/\/museuflorestal.ambiente.sp.gov.br\/acervo\/wp-json\/wp\/v2\/comments?post=17161"}],"version-history":[{"count":0,"href":"https:\/\/museuflorestal.ambiente.sp.gov.br\/acervo\/wp-json\/wp\/v2\/tnc_col_329_item\/17161\/revisions"}],"wp:featuredmedia":[{"embeddable":true,"href":"https:\/\/museuflorestal.ambiente.sp.gov.br\/acervo\/wp-json\/wp\/v2\/media\/17162"}],"wp:attachment":[{"href":"https:\/\/museuflorestal.ambiente.sp.gov.br\/acervo\/wp-json\/wp\/v2\/media?parent=17161"}],"curies":[{"name":"wp","href":"https:\/\/api.w.org\/{rel}","templated":true}]}}

Matriz de xilogravura nº 165

<p>Taco de madeira com gravação de chaminé. No verso há a inscrição &#8220;165&#8221;. Na lateral, &#8220;MF&#8221; e &#8220;165&#8221;.</p>
