{"id":17240,"date":"2021-11-30T23:52:56","date_gmt":"2021-12-01T01:52:56","guid":{"rendered":"https:\/\/museuflorestal.ambiente.sp.gov.br\/acervo\/?post_type=tnc_col_329_item&#038;p=17240"},"modified":"2021-11-30T23:52:58","modified_gmt":"2021-12-01T01:52:58","slug":"matriz-de-xilogravura-no-183","status":"publish","type":"tnc_col_329_item","link":"https:\/\/museuflorestal.ambiente.sp.gov.br\/acervo\/museu-florestal-octavio-vecchi\/matriz-de-xilogravura-no-183\/","title":{"rendered":"Matriz de xilogravura n\u00ba 183"},"content":{"rendered":"<p>Taco de madeira com grava\u00e7\u00e3o de duas l\u00e2mpadas. No verso h\u00e1 as inscri\u00e7\u00f5es &#8220;183&#8221; e &#8220;WM&#8221;. Na lateral, &#8220;MF&#8221; e &#8220;183&#8221;.<\/p>\n","protected":false},"featured_media":17241,"parent":0,"menu_order":0,"comment_status":"closed","ping_status":"closed","template":"","format":"standard","_links":{"self":[{"href":"https:\/\/museuflorestal.ambiente.sp.gov.br\/acervo\/wp-json\/wp\/v2\/tnc_col_329_item\/17240"}],"collection":[{"href":"https:\/\/museuflorestal.ambiente.sp.gov.br\/acervo\/wp-json\/wp\/v2\/tnc_col_329_item"}],"about":[{"href":"https:\/\/museuflorestal.ambiente.sp.gov.br\/acervo\/wp-json\/wp\/v2\/types\/tnc_col_329_item"}],"replies":[{"embeddable":true,"href":"https:\/\/museuflorestal.ambiente.sp.gov.br\/acervo\/wp-json\/wp\/v2\/comments?post=17240"}],"version-history":[{"count":0,"href":"https:\/\/museuflorestal.ambiente.sp.gov.br\/acervo\/wp-json\/wp\/v2\/tnc_col_329_item\/17240\/revisions"}],"wp:featuredmedia":[{"embeddable":true,"href":"https:\/\/museuflorestal.ambiente.sp.gov.br\/acervo\/wp-json\/wp\/v2\/media\/17241"}],"wp:attachment":[{"href":"https:\/\/museuflorestal.ambiente.sp.gov.br\/acervo\/wp-json\/wp\/v2\/media?parent=17240"}],"curies":[{"name":"wp","href":"https:\/\/api.w.org\/{rel}","templated":true}]}}

Matriz de xilogravura nº 183

<p>Taco de madeira com gravação de duas lâmpadas. No verso há as inscrições &#8220;183&#8221; e &#8220;WM&#8221;. Na lateral, &#8220;MF&#8221; e &#8220;183&#8221;.</p>
