{"id":17410,"date":"2021-11-30T23:57:51","date_gmt":"2021-12-01T01:57:51","guid":{"rendered":"https:\/\/museuflorestal.ambiente.sp.gov.br\/acervo\/?post_type=tnc_col_329_item&#038;p=17410"},"modified":"2021-11-30T23:57:52","modified_gmt":"2021-12-01T01:57:52","slug":"matriz-de-xilogravura-no-222","status":"publish","type":"tnc_col_329_item","link":"https:\/\/museuflorestal.ambiente.sp.gov.br\/acervo\/museu-florestal-octavio-vecchi\/matriz-de-xilogravura-no-222\/","title":{"rendered":"Matriz de xilogravura n\u00ba 222"},"content":{"rendered":"<p>Taco de madeira com grava\u00e7\u00e3o de duas v\u00e1lvulas. No verso h\u00e1 a inscri\u00e7\u00e3o &#8220;222&#8221;. Na lateral,&#8221;222&#8243;.<\/p>\n","protected":false},"featured_media":17411,"parent":0,"menu_order":0,"comment_status":"closed","ping_status":"closed","template":"","format":"standard","_links":{"self":[{"href":"https:\/\/museuflorestal.ambiente.sp.gov.br\/acervo\/wp-json\/wp\/v2\/tnc_col_329_item\/17410"}],"collection":[{"href":"https:\/\/museuflorestal.ambiente.sp.gov.br\/acervo\/wp-json\/wp\/v2\/tnc_col_329_item"}],"about":[{"href":"https:\/\/museuflorestal.ambiente.sp.gov.br\/acervo\/wp-json\/wp\/v2\/types\/tnc_col_329_item"}],"replies":[{"embeddable":true,"href":"https:\/\/museuflorestal.ambiente.sp.gov.br\/acervo\/wp-json\/wp\/v2\/comments?post=17410"}],"version-history":[{"count":0,"href":"https:\/\/museuflorestal.ambiente.sp.gov.br\/acervo\/wp-json\/wp\/v2\/tnc_col_329_item\/17410\/revisions"}],"wp:featuredmedia":[{"embeddable":true,"href":"https:\/\/museuflorestal.ambiente.sp.gov.br\/acervo\/wp-json\/wp\/v2\/media\/17411"}],"wp:attachment":[{"href":"https:\/\/museuflorestal.ambiente.sp.gov.br\/acervo\/wp-json\/wp\/v2\/media?parent=17410"}],"curies":[{"name":"wp","href":"https:\/\/api.w.org\/{rel}","templated":true}]}}

Matriz de xilogravura nº 222

<p>Taco de madeira com gravação de duas válvulas. No verso há a inscrição &#8220;222&#8221;. Na lateral,&#8221;222&#8243;.</p>
