{"id":17545,"date":"2021-12-01T00:00:33","date_gmt":"2021-12-01T02:00:33","guid":{"rendered":"https:\/\/museuflorestal.ambiente.sp.gov.br\/acervo\/?post_type=tnc_col_329_item&#038;p=17545"},"modified":"2021-12-01T00:00:36","modified_gmt":"2021-12-01T02:00:36","slug":"matriz-de-xilogravura-no-251","status":"publish","type":"tnc_col_329_item","link":"https:\/\/museuflorestal.ambiente.sp.gov.br\/acervo\/museu-florestal-octavio-vecchi\/matriz-de-xilogravura-no-251\/","title":{"rendered":"Matriz de xilogravura n\u00ba 251"},"content":{"rendered":"<p>Taco de madeira com grava\u00e7\u00e3o de conjunto de ch\u00e1. No verso h\u00e1 as inscri\u00e7\u00f5es &#8220;251&#8221; e &#8220;L. Fernandes&#8221;. Na lateral, &#8220;251&#8221;.<\/p>\n","protected":false},"featured_media":17546,"parent":0,"menu_order":0,"comment_status":"closed","ping_status":"closed","template":"","format":"standard","_links":{"self":[{"href":"https:\/\/museuflorestal.ambiente.sp.gov.br\/acervo\/wp-json\/wp\/v2\/tnc_col_329_item\/17545"}],"collection":[{"href":"https:\/\/museuflorestal.ambiente.sp.gov.br\/acervo\/wp-json\/wp\/v2\/tnc_col_329_item"}],"about":[{"href":"https:\/\/museuflorestal.ambiente.sp.gov.br\/acervo\/wp-json\/wp\/v2\/types\/tnc_col_329_item"}],"replies":[{"embeddable":true,"href":"https:\/\/museuflorestal.ambiente.sp.gov.br\/acervo\/wp-json\/wp\/v2\/comments?post=17545"}],"version-history":[{"count":0,"href":"https:\/\/museuflorestal.ambiente.sp.gov.br\/acervo\/wp-json\/wp\/v2\/tnc_col_329_item\/17545\/revisions"}],"wp:featuredmedia":[{"embeddable":true,"href":"https:\/\/museuflorestal.ambiente.sp.gov.br\/acervo\/wp-json\/wp\/v2\/media\/17546"}],"wp:attachment":[{"href":"https:\/\/museuflorestal.ambiente.sp.gov.br\/acervo\/wp-json\/wp\/v2\/media?parent=17545"}],"curies":[{"name":"wp","href":"https:\/\/api.w.org\/{rel}","templated":true}]}}

Matriz de xilogravura nº 251

<p>Taco de madeira com gravação de conjunto de chá. No verso há as inscrições &#8220;251&#8221; e &#8220;L. Fernandes&#8221;. Na lateral, &#8220;251&#8221;.</p>
