{"id":17552,"date":"2021-12-01T00:00:45","date_gmt":"2021-12-01T02:00:45","guid":{"rendered":"https:\/\/museuflorestal.ambiente.sp.gov.br\/acervo\/?post_type=tnc_col_329_item&#038;p=17552"},"modified":"2021-12-01T00:00:48","modified_gmt":"2021-12-01T02:00:48","slug":"matriz-de-xilogravura-no-253","status":"publish","type":"tnc_col_329_item","link":"https:\/\/museuflorestal.ambiente.sp.gov.br\/acervo\/museu-florestal-octavio-vecchi\/matriz-de-xilogravura-no-253\/","title":{"rendered":"Matriz de xilogravura n\u00ba 253"},"content":{"rendered":"<p>Taco de madeira com grava\u00e7\u00e3o de m\u00e1quina de costura. No verso h\u00e1 as inscri\u00e7\u00f5es &#8220;253&#8221;, &#8220;Emilio Mario Polloni&#8221; e &#8220;9-6-41&#8221;. Na lateral, &#8220;253&#8221;.<\/p>\n","protected":false},"featured_media":17553,"parent":0,"menu_order":0,"comment_status":"closed","ping_status":"closed","template":"","format":"standard","_links":{"self":[{"href":"https:\/\/museuflorestal.ambiente.sp.gov.br\/acervo\/wp-json\/wp\/v2\/tnc_col_329_item\/17552"}],"collection":[{"href":"https:\/\/museuflorestal.ambiente.sp.gov.br\/acervo\/wp-json\/wp\/v2\/tnc_col_329_item"}],"about":[{"href":"https:\/\/museuflorestal.ambiente.sp.gov.br\/acervo\/wp-json\/wp\/v2\/types\/tnc_col_329_item"}],"replies":[{"embeddable":true,"href":"https:\/\/museuflorestal.ambiente.sp.gov.br\/acervo\/wp-json\/wp\/v2\/comments?post=17552"}],"version-history":[{"count":0,"href":"https:\/\/museuflorestal.ambiente.sp.gov.br\/acervo\/wp-json\/wp\/v2\/tnc_col_329_item\/17552\/revisions"}],"wp:featuredmedia":[{"embeddable":true,"href":"https:\/\/museuflorestal.ambiente.sp.gov.br\/acervo\/wp-json\/wp\/v2\/media\/17553"}],"wp:attachment":[{"href":"https:\/\/museuflorestal.ambiente.sp.gov.br\/acervo\/wp-json\/wp\/v2\/media?parent=17552"}],"curies":[{"name":"wp","href":"https:\/\/api.w.org\/{rel}","templated":true}]}}

Matriz de xilogravura nº 253

<p>Taco de madeira com gravação de máquina de costura. No verso há as inscrições &#8220;253&#8221;, &#8220;Emilio Mario Polloni&#8221; e &#8220;9-6-41&#8221;. Na lateral, &#8220;253&#8221;.</p>
