{"id":1760,"date":"2021-11-30T12:20:43","date_gmt":"2021-11-30T14:20:43","guid":{"rendered":"https:\/\/museuflorestal.ambiente.sp.gov.br\/acervo\/?post_type=tnc_col_329_item&#038;p=1760"},"modified":"2021-11-30T12:20:45","modified_gmt":"2021-11-30T14:20:45","slug":"cadeira-de-madeira-entalhada-e-fibra-natural-2","status":"publish","type":"tnc_col_329_item","link":"https:\/\/museuflorestal.ambiente.sp.gov.br\/acervo\/museu-florestal-octavio-vecchi\/cadeira-de-madeira-entalhada-e-fibra-natural-2\/","title":{"rendered":"Cadeira de madeira entalhada e fibra natural"},"content":{"rendered":"<p>Cadeira com estrutura em madeira maci\u00e7a, assento e encosto entalhados, e com fibra natural tran\u00e7ada em formato circular. Possui uma etiqueta com a inscri\u00e7\u00e3o &#8220;MB-53&#8221;.<\/p>\n","protected":false},"featured_media":1761,"parent":0,"menu_order":0,"comment_status":"closed","ping_status":"closed","template":"","format":"standard","_links":{"self":[{"href":"https:\/\/museuflorestal.ambiente.sp.gov.br\/acervo\/wp-json\/wp\/v2\/tnc_col_329_item\/1760"}],"collection":[{"href":"https:\/\/museuflorestal.ambiente.sp.gov.br\/acervo\/wp-json\/wp\/v2\/tnc_col_329_item"}],"about":[{"href":"https:\/\/museuflorestal.ambiente.sp.gov.br\/acervo\/wp-json\/wp\/v2\/types\/tnc_col_329_item"}],"replies":[{"embeddable":true,"href":"https:\/\/museuflorestal.ambiente.sp.gov.br\/acervo\/wp-json\/wp\/v2\/comments?post=1760"}],"version-history":[{"count":0,"href":"https:\/\/museuflorestal.ambiente.sp.gov.br\/acervo\/wp-json\/wp\/v2\/tnc_col_329_item\/1760\/revisions"}],"wp:featuredmedia":[{"embeddable":true,"href":"https:\/\/museuflorestal.ambiente.sp.gov.br\/acervo\/wp-json\/wp\/v2\/media\/1761"}],"wp:attachment":[{"href":"https:\/\/museuflorestal.ambiente.sp.gov.br\/acervo\/wp-json\/wp\/v2\/media?parent=1760"}],"curies":[{"name":"wp","href":"https:\/\/api.w.org\/{rel}","templated":true}]}}

<p>Cadeira com estrutura em madeira maciça, assento e encosto entalhados, e com fibra natural trançada em formato circular. Possui uma etiqueta com a inscrição &#8220;MB-53&#8221;.</p>
