{"id":17642,"date":"2021-12-01T00:03:24","date_gmt":"2021-12-01T02:03:24","guid":{"rendered":"https:\/\/museuflorestal.ambiente.sp.gov.br\/acervo\/?post_type=tnc_col_329_item&#038;p=17642"},"modified":"2021-12-01T00:03:26","modified_gmt":"2021-12-01T02:03:26","slug":"matriz-de-xilogravura-no-273","status":"publish","type":"tnc_col_329_item","link":"https:\/\/museuflorestal.ambiente.sp.gov.br\/acervo\/museu-florestal-octavio-vecchi\/matriz-de-xilogravura-no-273\/","title":{"rendered":"Matriz de xilogravura n\u00ba 273"},"content":{"rendered":"<p>Taco de madeira com grava\u00e7\u00e3o de garfo e faca. No verso h\u00e1 a inscri\u00e7\u00e3o &#8220;273&#8221;. Na lateral, &#8220;273&#8221; e &#8220;MF&#8221;.<\/p>\n","protected":false},"featured_media":17643,"parent":0,"menu_order":0,"comment_status":"closed","ping_status":"closed","template":"","format":"standard","_links":{"self":[{"href":"https:\/\/museuflorestal.ambiente.sp.gov.br\/acervo\/wp-json\/wp\/v2\/tnc_col_329_item\/17642"}],"collection":[{"href":"https:\/\/museuflorestal.ambiente.sp.gov.br\/acervo\/wp-json\/wp\/v2\/tnc_col_329_item"}],"about":[{"href":"https:\/\/museuflorestal.ambiente.sp.gov.br\/acervo\/wp-json\/wp\/v2\/types\/tnc_col_329_item"}],"replies":[{"embeddable":true,"href":"https:\/\/museuflorestal.ambiente.sp.gov.br\/acervo\/wp-json\/wp\/v2\/comments?post=17642"}],"version-history":[{"count":0,"href":"https:\/\/museuflorestal.ambiente.sp.gov.br\/acervo\/wp-json\/wp\/v2\/tnc_col_329_item\/17642\/revisions"}],"wp:featuredmedia":[{"embeddable":true,"href":"https:\/\/museuflorestal.ambiente.sp.gov.br\/acervo\/wp-json\/wp\/v2\/media\/17643"}],"wp:attachment":[{"href":"https:\/\/museuflorestal.ambiente.sp.gov.br\/acervo\/wp-json\/wp\/v2\/media?parent=17642"}],"curies":[{"name":"wp","href":"https:\/\/api.w.org\/{rel}","templated":true}]}}

Matriz de xilogravura nº 273

<p>Taco de madeira com gravação de garfo e faca. No verso há a inscrição &#8220;273&#8221;. Na lateral, &#8220;273&#8221; e &#8220;MF&#8221;.</p>
