{"id":17646,"date":"2021-12-01T00:03:30","date_gmt":"2021-12-01T02:03:30","guid":{"rendered":"https:\/\/museuflorestal.ambiente.sp.gov.br\/acervo\/?post_type=tnc_col_329_item&#038;p=17646"},"modified":"2021-12-01T00:03:33","modified_gmt":"2021-12-01T02:03:33","slug":"matriz-de-xilogravura-no-274","status":"publish","type":"tnc_col_329_item","link":"https:\/\/museuflorestal.ambiente.sp.gov.br\/acervo\/museu-florestal-octavio-vecchi\/matriz-de-xilogravura-no-274\/","title":{"rendered":"Matriz de xilogravura n\u00ba 274"},"content":{"rendered":"<p>Taco de madeira com grava\u00e7\u00e3o de canivete su\u00ed\u00e7o. No verso h\u00e1 as inscri\u00e7\u00f5es &#8220;274&#8221; e &#8220;17-7-44&#8221;. Na lateral, &#8220;274&#8221; e &#8220;MF&#8221;.<\/p>\n","protected":false},"featured_media":17647,"parent":0,"menu_order":0,"comment_status":"closed","ping_status":"closed","template":"","format":"standard","_links":{"self":[{"href":"https:\/\/museuflorestal.ambiente.sp.gov.br\/acervo\/wp-json\/wp\/v2\/tnc_col_329_item\/17646"}],"collection":[{"href":"https:\/\/museuflorestal.ambiente.sp.gov.br\/acervo\/wp-json\/wp\/v2\/tnc_col_329_item"}],"about":[{"href":"https:\/\/museuflorestal.ambiente.sp.gov.br\/acervo\/wp-json\/wp\/v2\/types\/tnc_col_329_item"}],"replies":[{"embeddable":true,"href":"https:\/\/museuflorestal.ambiente.sp.gov.br\/acervo\/wp-json\/wp\/v2\/comments?post=17646"}],"version-history":[{"count":0,"href":"https:\/\/museuflorestal.ambiente.sp.gov.br\/acervo\/wp-json\/wp\/v2\/tnc_col_329_item\/17646\/revisions"}],"wp:featuredmedia":[{"embeddable":true,"href":"https:\/\/museuflorestal.ambiente.sp.gov.br\/acervo\/wp-json\/wp\/v2\/media\/17647"}],"wp:attachment":[{"href":"https:\/\/museuflorestal.ambiente.sp.gov.br\/acervo\/wp-json\/wp\/v2\/media?parent=17646"}],"curies":[{"name":"wp","href":"https:\/\/api.w.org\/{rel}","templated":true}]}}

Matriz de xilogravura nº 274

<p>Taco de madeira com gravação de canivete suíço. No verso há as inscrições &#8220;274&#8221; e &#8220;17-7-44&#8221;. Na lateral, &#8220;274&#8221; e &#8220;MF&#8221;.</p>
