{"id":17675,"date":"2021-12-01T00:04:23","date_gmt":"2021-12-01T02:04:23","guid":{"rendered":"https:\/\/museuflorestal.ambiente.sp.gov.br\/acervo\/?post_type=tnc_col_329_item&#038;p=17675"},"modified":"2021-12-01T00:04:26","modified_gmt":"2021-12-01T02:04:26","slug":"matriz-de-xilogravura-no-280","status":"publish","type":"tnc_col_329_item","link":"https:\/\/museuflorestal.ambiente.sp.gov.br\/acervo\/museu-florestal-octavio-vecchi\/matriz-de-xilogravura-no-280\/","title":{"rendered":"Matriz de xilogravura n\u00ba 280"},"content":{"rendered":"<p>Taco de madeira com grava\u00e7\u00e3o de ventilador de parede. No verso h\u00e1 a inscri\u00e7\u00e3o &#8220;280&#8221;. Na lateral, &#8220;280&#8221; e &#8220;MF&#8221;.<\/p>\n","protected":false},"featured_media":17676,"parent":0,"menu_order":0,"comment_status":"closed","ping_status":"closed","template":"","format":"standard","_links":{"self":[{"href":"https:\/\/museuflorestal.ambiente.sp.gov.br\/acervo\/wp-json\/wp\/v2\/tnc_col_329_item\/17675"}],"collection":[{"href":"https:\/\/museuflorestal.ambiente.sp.gov.br\/acervo\/wp-json\/wp\/v2\/tnc_col_329_item"}],"about":[{"href":"https:\/\/museuflorestal.ambiente.sp.gov.br\/acervo\/wp-json\/wp\/v2\/types\/tnc_col_329_item"}],"replies":[{"embeddable":true,"href":"https:\/\/museuflorestal.ambiente.sp.gov.br\/acervo\/wp-json\/wp\/v2\/comments?post=17675"}],"version-history":[{"count":0,"href":"https:\/\/museuflorestal.ambiente.sp.gov.br\/acervo\/wp-json\/wp\/v2\/tnc_col_329_item\/17675\/revisions"}],"wp:featuredmedia":[{"embeddable":true,"href":"https:\/\/museuflorestal.ambiente.sp.gov.br\/acervo\/wp-json\/wp\/v2\/media\/17676"}],"wp:attachment":[{"href":"https:\/\/museuflorestal.ambiente.sp.gov.br\/acervo\/wp-json\/wp\/v2\/media?parent=17675"}],"curies":[{"name":"wp","href":"https:\/\/api.w.org\/{rel}","templated":true}]}}

Matriz de xilogravura nº 280

<p>Taco de madeira com gravação de ventilador de parede. No verso há a inscrição &#8220;280&#8221;. Na lateral, &#8220;280&#8221; e &#8220;MF&#8221;.</p>
