{"id":17679,"date":"2021-12-01T00:04:30","date_gmt":"2021-12-01T02:04:30","guid":{"rendered":"https:\/\/museuflorestal.ambiente.sp.gov.br\/acervo\/?post_type=tnc_col_329_item&#038;p=17679"},"modified":"2021-12-01T00:04:33","modified_gmt":"2021-12-01T02:04:33","slug":"matriz-de-xilogravura-no-281","status":"publish","type":"tnc_col_329_item","link":"https:\/\/museuflorestal.ambiente.sp.gov.br\/acervo\/museu-florestal-octavio-vecchi\/matriz-de-xilogravura-no-281\/","title":{"rendered":"Matriz de xilogravura n\u00ba 281"},"content":{"rendered":"<p>Taco de madeira com grava\u00e7\u00e3o de ba\u00fa com detalhes florais. No verso h\u00e1 as inscri\u00e7\u00f5es &#8220;281&#8221;, &#8220;WM&#8221; e entalhe &#8220;134h1&#8221;. Na lateral h\u00e1 as inscri\u00e7\u00f5es &#8220;281&#8221; e &#8220;MF&#8221;.<\/p>\n","protected":false},"featured_media":17680,"parent":0,"menu_order":0,"comment_status":"closed","ping_status":"closed","template":"","format":"standard","_links":{"self":[{"href":"https:\/\/museuflorestal.ambiente.sp.gov.br\/acervo\/wp-json\/wp\/v2\/tnc_col_329_item\/17679"}],"collection":[{"href":"https:\/\/museuflorestal.ambiente.sp.gov.br\/acervo\/wp-json\/wp\/v2\/tnc_col_329_item"}],"about":[{"href":"https:\/\/museuflorestal.ambiente.sp.gov.br\/acervo\/wp-json\/wp\/v2\/types\/tnc_col_329_item"}],"replies":[{"embeddable":true,"href":"https:\/\/museuflorestal.ambiente.sp.gov.br\/acervo\/wp-json\/wp\/v2\/comments?post=17679"}],"version-history":[{"count":0,"href":"https:\/\/museuflorestal.ambiente.sp.gov.br\/acervo\/wp-json\/wp\/v2\/tnc_col_329_item\/17679\/revisions"}],"wp:featuredmedia":[{"embeddable":true,"href":"https:\/\/museuflorestal.ambiente.sp.gov.br\/acervo\/wp-json\/wp\/v2\/media\/17680"}],"wp:attachment":[{"href":"https:\/\/museuflorestal.ambiente.sp.gov.br\/acervo\/wp-json\/wp\/v2\/media?parent=17679"}],"curies":[{"name":"wp","href":"https:\/\/api.w.org\/{rel}","templated":true}]}}

Matriz de xilogravura nº 281

<p>Taco de madeira com gravação de baú com detalhes florais. No verso há as inscrições &#8220;281&#8221;, &#8220;WM&#8221; e entalhe &#8220;134h1&#8221;. Na lateral há as inscrições &#8220;281&#8221; e &#8220;MF&#8221;.</p>
