{"id":17711,"date":"2021-12-01T00:05:30","date_gmt":"2021-12-01T02:05:30","guid":{"rendered":"https:\/\/museuflorestal.ambiente.sp.gov.br\/acervo\/?post_type=tnc_col_329_item&#038;p=17711"},"modified":"2021-12-01T00:05:32","modified_gmt":"2021-12-01T02:05:32","slug":"matriz-de-xilogravura-no-288","status":"publish","type":"tnc_col_329_item","link":"https:\/\/museuflorestal.ambiente.sp.gov.br\/acervo\/museu-florestal-octavio-vecchi\/matriz-de-xilogravura-no-288\/","title":{"rendered":"Matriz de xilogravura n\u00ba 288"},"content":{"rendered":"<p>Taco de madeira com grava\u00e7\u00e3o de bandeja com conjunto de barbear. No verso h\u00e1 as inscri\u00e7\u00f5es &#8220;288&#8221;, &#8220;WM&#8221; e &#8220;Waldemar Moll&#8221;. Na lateral, &#8220;288&#8221; e &#8220;MF&#8221;.<\/p>\n","protected":false},"featured_media":17712,"parent":0,"menu_order":0,"comment_status":"closed","ping_status":"closed","template":"","format":"standard","_links":{"self":[{"href":"https:\/\/museuflorestal.ambiente.sp.gov.br\/acervo\/wp-json\/wp\/v2\/tnc_col_329_item\/17711"}],"collection":[{"href":"https:\/\/museuflorestal.ambiente.sp.gov.br\/acervo\/wp-json\/wp\/v2\/tnc_col_329_item"}],"about":[{"href":"https:\/\/museuflorestal.ambiente.sp.gov.br\/acervo\/wp-json\/wp\/v2\/types\/tnc_col_329_item"}],"replies":[{"embeddable":true,"href":"https:\/\/museuflorestal.ambiente.sp.gov.br\/acervo\/wp-json\/wp\/v2\/comments?post=17711"}],"version-history":[{"count":0,"href":"https:\/\/museuflorestal.ambiente.sp.gov.br\/acervo\/wp-json\/wp\/v2\/tnc_col_329_item\/17711\/revisions"}],"wp:featuredmedia":[{"embeddable":true,"href":"https:\/\/museuflorestal.ambiente.sp.gov.br\/acervo\/wp-json\/wp\/v2\/media\/17712"}],"wp:attachment":[{"href":"https:\/\/museuflorestal.ambiente.sp.gov.br\/acervo\/wp-json\/wp\/v2\/media?parent=17711"}],"curies":[{"name":"wp","href":"https:\/\/api.w.org\/{rel}","templated":true}]}}

Matriz de xilogravura nº 288

<p>Taco de madeira com gravação de bandeja com conjunto de barbear. No verso há as inscrições &#8220;288&#8221;, &#8220;WM&#8221; e &#8220;Waldemar Moll&#8221;. Na lateral, &#8220;288&#8221; e &#8220;MF&#8221;.</p>
