{"id":17728,"date":"2021-12-01T00:06:00","date_gmt":"2021-12-01T02:06:00","guid":{"rendered":"https:\/\/museuflorestal.ambiente.sp.gov.br\/acervo\/?post_type=tnc_col_329_item&#038;p=17728"},"modified":"2021-12-01T00:06:03","modified_gmt":"2021-12-01T02:06:03","slug":"matriz-de-xilogravura-no-291","status":"publish","type":"tnc_col_329_item","link":"https:\/\/museuflorestal.ambiente.sp.gov.br\/acervo\/museu-florestal-octavio-vecchi\/matriz-de-xilogravura-no-291\/","title":{"rendered":"Matriz de xilogravura n\u00ba 291"},"content":{"rendered":"<p>Taco de madeira com grava\u00e7\u00e3o de recipiente cil\u00edndrico com motivos geom\u00e9tricos No verso h\u00e1 as inscri\u00e7\u00f5es &#8220;291&#8221; e &#8220;27 10 hs 5 11hs&#8221;. Na lateral, &#8220;291&#8221; e &#8220;MF&#8221;.<\/p>\n","protected":false},"featured_media":17729,"parent":0,"menu_order":0,"comment_status":"closed","ping_status":"closed","template":"","format":"standard","_links":{"self":[{"href":"https:\/\/museuflorestal.ambiente.sp.gov.br\/acervo\/wp-json\/wp\/v2\/tnc_col_329_item\/17728"}],"collection":[{"href":"https:\/\/museuflorestal.ambiente.sp.gov.br\/acervo\/wp-json\/wp\/v2\/tnc_col_329_item"}],"about":[{"href":"https:\/\/museuflorestal.ambiente.sp.gov.br\/acervo\/wp-json\/wp\/v2\/types\/tnc_col_329_item"}],"replies":[{"embeddable":true,"href":"https:\/\/museuflorestal.ambiente.sp.gov.br\/acervo\/wp-json\/wp\/v2\/comments?post=17728"}],"version-history":[{"count":0,"href":"https:\/\/museuflorestal.ambiente.sp.gov.br\/acervo\/wp-json\/wp\/v2\/tnc_col_329_item\/17728\/revisions"}],"wp:featuredmedia":[{"embeddable":true,"href":"https:\/\/museuflorestal.ambiente.sp.gov.br\/acervo\/wp-json\/wp\/v2\/media\/17729"}],"wp:attachment":[{"href":"https:\/\/museuflorestal.ambiente.sp.gov.br\/acervo\/wp-json\/wp\/v2\/media?parent=17728"}],"curies":[{"name":"wp","href":"https:\/\/api.w.org\/{rel}","templated":true}]}}

Matriz de xilogravura nº 291

<p>Taco de madeira com gravação de recipiente cilíndrico com motivos geométricos No verso há as inscrições &#8220;291&#8221; e &#8220;27 10 hs 5 11hs&#8221;. Na lateral, &#8220;291&#8221; e &#8220;MF&#8221;.</p>
