{"id":17785,"date":"2021-12-01T00:07:44","date_gmt":"2021-12-01T02:07:44","guid":{"rendered":"https:\/\/museuflorestal.ambiente.sp.gov.br\/acervo\/?post_type=tnc_col_329_item&#038;p=17785"},"modified":"2021-12-01T00:07:47","modified_gmt":"2021-12-01T02:07:47","slug":"matriz-de-xilogravura-no-303","status":"publish","type":"tnc_col_329_item","link":"https:\/\/museuflorestal.ambiente.sp.gov.br\/acervo\/museu-florestal-octavio-vecchi\/matriz-de-xilogravura-no-303\/","title":{"rendered":"Matriz de xilogravura n\u00ba 303"},"content":{"rendered":"<p>Taco de madeira com grava\u00e7\u00e3o de cilindro ligado por parafusos. No verso h\u00e1 a inscri\u00e7\u00e3o &#8220;303&#8221;. Na lateral, &#8220;303&#8221; e &#8220;MF&#8221;.<\/p>\n","protected":false},"featured_media":17786,"parent":0,"menu_order":0,"comment_status":"closed","ping_status":"closed","template":"","format":"standard","_links":{"self":[{"href":"https:\/\/museuflorestal.ambiente.sp.gov.br\/acervo\/wp-json\/wp\/v2\/tnc_col_329_item\/17785"}],"collection":[{"href":"https:\/\/museuflorestal.ambiente.sp.gov.br\/acervo\/wp-json\/wp\/v2\/tnc_col_329_item"}],"about":[{"href":"https:\/\/museuflorestal.ambiente.sp.gov.br\/acervo\/wp-json\/wp\/v2\/types\/tnc_col_329_item"}],"replies":[{"embeddable":true,"href":"https:\/\/museuflorestal.ambiente.sp.gov.br\/acervo\/wp-json\/wp\/v2\/comments?post=17785"}],"version-history":[{"count":0,"href":"https:\/\/museuflorestal.ambiente.sp.gov.br\/acervo\/wp-json\/wp\/v2\/tnc_col_329_item\/17785\/revisions"}],"wp:featuredmedia":[{"embeddable":true,"href":"https:\/\/museuflorestal.ambiente.sp.gov.br\/acervo\/wp-json\/wp\/v2\/media\/17786"}],"wp:attachment":[{"href":"https:\/\/museuflorestal.ambiente.sp.gov.br\/acervo\/wp-json\/wp\/v2\/media?parent=17785"}],"curies":[{"name":"wp","href":"https:\/\/api.w.org\/{rel}","templated":true}]}}

Matriz de xilogravura nº 303

<p>Taco de madeira com gravação de cilindro ligado por parafusos. No verso há a inscrição &#8220;303&#8221;. Na lateral, &#8220;303&#8221; e &#8220;MF&#8221;.</p>
