{"id":17844,"date":"2021-12-01T00:09:28","date_gmt":"2021-12-01T02:09:28","guid":{"rendered":"https:\/\/museuflorestal.ambiente.sp.gov.br\/acervo\/?post_type=tnc_col_329_item&#038;p=17844"},"modified":"2021-12-01T00:09:31","modified_gmt":"2021-12-01T02:09:31","slug":"matriz-de-xilogravura-no-315","status":"publish","type":"tnc_col_329_item","link":"https:\/\/museuflorestal.ambiente.sp.gov.br\/acervo\/museu-florestal-octavio-vecchi\/matriz-de-xilogravura-no-315\/","title":{"rendered":"Matriz de xilogravura n\u00ba 315"},"content":{"rendered":"<p>Taco de madeira com grava\u00e7\u00e3o de duas m\u00e1quinas; a primeira de corpo cil\u00edndrico e recipiente redondo no topo, e a segunda, de corpo cil\u00edndrico com v\u00e1lvula. No verso h\u00e1 a inscri\u00e7\u00e3o &#8220;315&#8221;. Na lateral, &#8220;315&#8221; e &#8220;MF&#8221;.<\/p>\n","protected":false},"featured_media":17845,"parent":0,"menu_order":0,"comment_status":"closed","ping_status":"closed","template":"","format":"standard","_links":{"self":[{"href":"https:\/\/museuflorestal.ambiente.sp.gov.br\/acervo\/wp-json\/wp\/v2\/tnc_col_329_item\/17844"}],"collection":[{"href":"https:\/\/museuflorestal.ambiente.sp.gov.br\/acervo\/wp-json\/wp\/v2\/tnc_col_329_item"}],"about":[{"href":"https:\/\/museuflorestal.ambiente.sp.gov.br\/acervo\/wp-json\/wp\/v2\/types\/tnc_col_329_item"}],"replies":[{"embeddable":true,"href":"https:\/\/museuflorestal.ambiente.sp.gov.br\/acervo\/wp-json\/wp\/v2\/comments?post=17844"}],"version-history":[{"count":0,"href":"https:\/\/museuflorestal.ambiente.sp.gov.br\/acervo\/wp-json\/wp\/v2\/tnc_col_329_item\/17844\/revisions"}],"wp:featuredmedia":[{"embeddable":true,"href":"https:\/\/museuflorestal.ambiente.sp.gov.br\/acervo\/wp-json\/wp\/v2\/media\/17845"}],"wp:attachment":[{"href":"https:\/\/museuflorestal.ambiente.sp.gov.br\/acervo\/wp-json\/wp\/v2\/media?parent=17844"}],"curies":[{"name":"wp","href":"https:\/\/api.w.org\/{rel}","templated":true}]}}

Matriz de xilogravura nº 315

<p>Taco de madeira com gravação de duas máquinas; a primeira de corpo cilíndrico e recipiente redondo no topo, e a segunda, de corpo cilíndrico com válvula. No verso há a inscrição &#8220;315&#8221;. Na lateral, &#8220;315&#8221; e &#8220;MF&#8221;.</p>
