{"id":17865,"date":"2021-12-01T00:10:06","date_gmt":"2021-12-01T02:10:06","guid":{"rendered":"https:\/\/museuflorestal.ambiente.sp.gov.br\/acervo\/?post_type=tnc_col_329_item&#038;p=17865"},"modified":"2021-12-01T00:10:09","modified_gmt":"2021-12-01T02:10:09","slug":"matriz-de-xilogravura-no-320","status":"publish","type":"tnc_col_329_item","link":"https:\/\/museuflorestal.ambiente.sp.gov.br\/acervo\/museu-florestal-octavio-vecchi\/matriz-de-xilogravura-no-320\/","title":{"rendered":"Matriz de xilogravura n\u00ba 320"},"content":{"rendered":"<p>Taco de madeira com grava\u00e7\u00e3o de objeto esf\u00e9rico com cabo. No verso h\u00e1 a inscri\u00e7\u00e3o &#8220;320&#8221;. Na lateral, &#8220;320&#8221; e &#8220;MF&#8221;.<\/p>\n","protected":false},"featured_media":17866,"parent":0,"menu_order":0,"comment_status":"closed","ping_status":"closed","template":"","format":"standard","_links":{"self":[{"href":"https:\/\/museuflorestal.ambiente.sp.gov.br\/acervo\/wp-json\/wp\/v2\/tnc_col_329_item\/17865"}],"collection":[{"href":"https:\/\/museuflorestal.ambiente.sp.gov.br\/acervo\/wp-json\/wp\/v2\/tnc_col_329_item"}],"about":[{"href":"https:\/\/museuflorestal.ambiente.sp.gov.br\/acervo\/wp-json\/wp\/v2\/types\/tnc_col_329_item"}],"replies":[{"embeddable":true,"href":"https:\/\/museuflorestal.ambiente.sp.gov.br\/acervo\/wp-json\/wp\/v2\/comments?post=17865"}],"version-history":[{"count":0,"href":"https:\/\/museuflorestal.ambiente.sp.gov.br\/acervo\/wp-json\/wp\/v2\/tnc_col_329_item\/17865\/revisions"}],"wp:featuredmedia":[{"embeddable":true,"href":"https:\/\/museuflorestal.ambiente.sp.gov.br\/acervo\/wp-json\/wp\/v2\/media\/17866"}],"wp:attachment":[{"href":"https:\/\/museuflorestal.ambiente.sp.gov.br\/acervo\/wp-json\/wp\/v2\/media?parent=17865"}],"curies":[{"name":"wp","href":"https:\/\/api.w.org\/{rel}","templated":true}]}}

Matriz de xilogravura nº 320

<p>Taco de madeira com gravação de objeto esférico com cabo. No verso há a inscrição &#8220;320&#8221;. Na lateral, &#8220;320&#8221; e &#8220;MF&#8221;.</p>
