{"id":17869,"date":"2021-12-01T00:10:15","date_gmt":"2021-12-01T02:10:15","guid":{"rendered":"https:\/\/museuflorestal.ambiente.sp.gov.br\/acervo\/?post_type=tnc_col_329_item&#038;p=17869"},"modified":"2021-12-01T00:10:17","modified_gmt":"2021-12-01T02:10:17","slug":"matriz-de-xilogravura-no-321","status":"publish","type":"tnc_col_329_item","link":"https:\/\/museuflorestal.ambiente.sp.gov.br\/acervo\/museu-florestal-octavio-vecchi\/matriz-de-xilogravura-no-321\/","title":{"rendered":"Matriz de xilogravura n\u00ba 321"},"content":{"rendered":"<p>Taco de madeira com grava\u00e7\u00e3o de conex\u00e3o com rosca e porca. No verso h\u00e1 a inscri\u00e7\u00e3o &#8220;321&#8221;. Nas laterais, &#8220;321&#8221; e &#8220;MF&#8221;.<\/p>\n","protected":false},"featured_media":17870,"parent":0,"menu_order":0,"comment_status":"closed","ping_status":"closed","template":"","format":"standard","_links":{"self":[{"href":"https:\/\/museuflorestal.ambiente.sp.gov.br\/acervo\/wp-json\/wp\/v2\/tnc_col_329_item\/17869"}],"collection":[{"href":"https:\/\/museuflorestal.ambiente.sp.gov.br\/acervo\/wp-json\/wp\/v2\/tnc_col_329_item"}],"about":[{"href":"https:\/\/museuflorestal.ambiente.sp.gov.br\/acervo\/wp-json\/wp\/v2\/types\/tnc_col_329_item"}],"replies":[{"embeddable":true,"href":"https:\/\/museuflorestal.ambiente.sp.gov.br\/acervo\/wp-json\/wp\/v2\/comments?post=17869"}],"version-history":[{"count":0,"href":"https:\/\/museuflorestal.ambiente.sp.gov.br\/acervo\/wp-json\/wp\/v2\/tnc_col_329_item\/17869\/revisions"}],"wp:featuredmedia":[{"embeddable":true,"href":"https:\/\/museuflorestal.ambiente.sp.gov.br\/acervo\/wp-json\/wp\/v2\/media\/17870"}],"wp:attachment":[{"href":"https:\/\/museuflorestal.ambiente.sp.gov.br\/acervo\/wp-json\/wp\/v2\/media?parent=17869"}],"curies":[{"name":"wp","href":"https:\/\/api.w.org\/{rel}","templated":true}]}}

Matriz de xilogravura nº 321

<p>Taco de madeira com gravação de conexão com rosca e porca. No verso há a inscrição &#8220;321&#8221;. Nas laterais, &#8220;321&#8221; e &#8220;MF&#8221;.</p>
