{"id":17894,"date":"2021-12-01T00:11:00","date_gmt":"2021-12-01T02:11:00","guid":{"rendered":"https:\/\/museuflorestal.ambiente.sp.gov.br\/acervo\/?post_type=tnc_col_329_item&#038;p=17894"},"modified":"2021-12-01T00:11:02","modified_gmt":"2021-12-01T02:11:02","slug":"matriz-de-xilogravura-no-326","status":"publish","type":"tnc_col_329_item","link":"https:\/\/museuflorestal.ambiente.sp.gov.br\/acervo\/museu-florestal-octavio-vecchi\/matriz-de-xilogravura-no-326\/","title":{"rendered":"Matriz de xilogravura n\u00ba 326"},"content":{"rendered":"<p>Taco de madeira com grava\u00e7\u00e3o de objeto de base redonda, corpo cil\u00edndrico decorado e bandeja no meio. No canto direito h\u00e1 a inscri\u00e7\u00e3o espelhada &#8220;WMR&#8221;. No verso h\u00e1 a inscri\u00e7\u00e3o &#8220;326&#8221;. Nas laterais, &#8220;326&#8221; e &#8220;MF&#8221;.<\/p>\n","protected":false},"featured_media":17895,"parent":0,"menu_order":0,"comment_status":"closed","ping_status":"closed","template":"","format":"standard","_links":{"self":[{"href":"https:\/\/museuflorestal.ambiente.sp.gov.br\/acervo\/wp-json\/wp\/v2\/tnc_col_329_item\/17894"}],"collection":[{"href":"https:\/\/museuflorestal.ambiente.sp.gov.br\/acervo\/wp-json\/wp\/v2\/tnc_col_329_item"}],"about":[{"href":"https:\/\/museuflorestal.ambiente.sp.gov.br\/acervo\/wp-json\/wp\/v2\/types\/tnc_col_329_item"}],"replies":[{"embeddable":true,"href":"https:\/\/museuflorestal.ambiente.sp.gov.br\/acervo\/wp-json\/wp\/v2\/comments?post=17894"}],"version-history":[{"count":0,"href":"https:\/\/museuflorestal.ambiente.sp.gov.br\/acervo\/wp-json\/wp\/v2\/tnc_col_329_item\/17894\/revisions"}],"wp:featuredmedia":[{"embeddable":true,"href":"https:\/\/museuflorestal.ambiente.sp.gov.br\/acervo\/wp-json\/wp\/v2\/media\/17895"}],"wp:attachment":[{"href":"https:\/\/museuflorestal.ambiente.sp.gov.br\/acervo\/wp-json\/wp\/v2\/media?parent=17894"}],"curies":[{"name":"wp","href":"https:\/\/api.w.org\/{rel}","templated":true}]}}

Matriz de xilogravura nº 326

<p>Taco de madeira com gravação de objeto de base redonda, corpo cilíndrico decorado e bandeja no meio. No canto direito há a inscrição espelhada &#8220;WMR&#8221;. No verso há a inscrição &#8220;326&#8221;. Nas laterais, &#8220;326&#8221; e &#8220;MF&#8221;.</p>
