{"id":17995,"date":"2021-12-01T00:13:57","date_gmt":"2021-12-01T02:13:57","guid":{"rendered":"https:\/\/museuflorestal.ambiente.sp.gov.br\/acervo\/?post_type=tnc_col_329_item&#038;p=17995"},"modified":"2021-12-01T00:13:59","modified_gmt":"2021-12-01T02:13:59","slug":"matriz-de-xilogravura-no-350","status":"publish","type":"tnc_col_329_item","link":"https:\/\/museuflorestal.ambiente.sp.gov.br\/acervo\/museu-florestal-octavio-vecchi\/matriz-de-xilogravura-no-350\/","title":{"rendered":"Matriz de xilogravura n\u00ba 350"},"content":{"rendered":"<p>Taco de madeira com grava\u00e7\u00e3o de padr\u00e3o de tran\u00e7ado. No verso h\u00e1 a inscri\u00e7\u00e3o &#8220;350&#8221;. Nas laterais,&#8221;MF&#8221; e &#8220;335(1-79)&#8221;.<\/p>\n","protected":false},"featured_media":17996,"parent":0,"menu_order":0,"comment_status":"closed","ping_status":"closed","template":"","format":"standard","_links":{"self":[{"href":"https:\/\/museuflorestal.ambiente.sp.gov.br\/acervo\/wp-json\/wp\/v2\/tnc_col_329_item\/17995"}],"collection":[{"href":"https:\/\/museuflorestal.ambiente.sp.gov.br\/acervo\/wp-json\/wp\/v2\/tnc_col_329_item"}],"about":[{"href":"https:\/\/museuflorestal.ambiente.sp.gov.br\/acervo\/wp-json\/wp\/v2\/types\/tnc_col_329_item"}],"replies":[{"embeddable":true,"href":"https:\/\/museuflorestal.ambiente.sp.gov.br\/acervo\/wp-json\/wp\/v2\/comments?post=17995"}],"version-history":[{"count":0,"href":"https:\/\/museuflorestal.ambiente.sp.gov.br\/acervo\/wp-json\/wp\/v2\/tnc_col_329_item\/17995\/revisions"}],"wp:featuredmedia":[{"embeddable":true,"href":"https:\/\/museuflorestal.ambiente.sp.gov.br\/acervo\/wp-json\/wp\/v2\/media\/17996"}],"wp:attachment":[{"href":"https:\/\/museuflorestal.ambiente.sp.gov.br\/acervo\/wp-json\/wp\/v2\/media?parent=17995"}],"curies":[{"name":"wp","href":"https:\/\/api.w.org\/{rel}","templated":true}]}}

Matriz de xilogravura nº 350

<p>Taco de madeira com gravação de padrão de trançado. No verso há a inscrição &#8220;350&#8221;. Nas laterais,&#8221;MF&#8221; e &#8220;335(1-79)&#8221;.</p>
