{"id":18012,"date":"2021-12-01T00:14:26","date_gmt":"2021-12-01T02:14:26","guid":{"rendered":"https:\/\/museuflorestal.ambiente.sp.gov.br\/acervo\/?post_type=tnc_col_329_item&#038;p=18012"},"modified":"2021-12-01T00:14:29","modified_gmt":"2021-12-01T02:14:29","slug":"matriz-de-xilogravura-no-354","status":"publish","type":"tnc_col_329_item","link":"https:\/\/museuflorestal.ambiente.sp.gov.br\/acervo\/museu-florestal-octavio-vecchi\/matriz-de-xilogravura-no-354\/","title":{"rendered":"Matriz de xilogravura n\u00ba 354"},"content":{"rendered":"<p>Taco de madeira com grava\u00e7\u00e3o de grafismos verticais e horizontais segmentados em ret\u00e2ngulos. No verso h\u00e1 a inscri\u00e7\u00e3o &#8220;354&#8221;. Nas laterais, &#8220;MF&#8221;, &#8220;335(1-79)V&#8221; e &#8220;335&#8221;.<\/p>\n","protected":false},"featured_media":18013,"parent":0,"menu_order":0,"comment_status":"closed","ping_status":"closed","template":"","format":"standard","_links":{"self":[{"href":"https:\/\/museuflorestal.ambiente.sp.gov.br\/acervo\/wp-json\/wp\/v2\/tnc_col_329_item\/18012"}],"collection":[{"href":"https:\/\/museuflorestal.ambiente.sp.gov.br\/acervo\/wp-json\/wp\/v2\/tnc_col_329_item"}],"about":[{"href":"https:\/\/museuflorestal.ambiente.sp.gov.br\/acervo\/wp-json\/wp\/v2\/types\/tnc_col_329_item"}],"replies":[{"embeddable":true,"href":"https:\/\/museuflorestal.ambiente.sp.gov.br\/acervo\/wp-json\/wp\/v2\/comments?post=18012"}],"version-history":[{"count":0,"href":"https:\/\/museuflorestal.ambiente.sp.gov.br\/acervo\/wp-json\/wp\/v2\/tnc_col_329_item\/18012\/revisions"}],"wp:featuredmedia":[{"embeddable":true,"href":"https:\/\/museuflorestal.ambiente.sp.gov.br\/acervo\/wp-json\/wp\/v2\/media\/18013"}],"wp:attachment":[{"href":"https:\/\/museuflorestal.ambiente.sp.gov.br\/acervo\/wp-json\/wp\/v2\/media?parent=18012"}],"curies":[{"name":"wp","href":"https:\/\/api.w.org\/{rel}","templated":true}]}}

Matriz de xilogravura nº 354

<p>Taco de madeira com gravação de grafismos verticais e horizontais segmentados em retângulos. No verso há a inscrição &#8220;354&#8221;. Nas laterais, &#8220;MF&#8221;, &#8220;335(1-79)V&#8221; e &#8220;335&#8221;.</p>
