{"id":18057,"date":"2021-12-01T00:15:49","date_gmt":"2021-12-01T02:15:49","guid":{"rendered":"https:\/\/museuflorestal.ambiente.sp.gov.br\/acervo\/?post_type=tnc_col_329_item&#038;p=18057"},"modified":"2021-12-01T00:15:52","modified_gmt":"2021-12-01T02:15:52","slug":"matriz-de-xilogravura-no-363","status":"publish","type":"tnc_col_329_item","link":"https:\/\/museuflorestal.ambiente.sp.gov.br\/acervo\/museu-florestal-octavio-vecchi\/matriz-de-xilogravura-no-363\/","title":{"rendered":"Matriz de xilogravura n\u00ba 363"},"content":{"rendered":"<p>Taco de madeira com grava\u00e7\u00e3o de formas geom\u00e9tricas. No verso h\u00e1 a inscri\u00e7\u00e3o &#8220;363&#8221;. Nas laterais, &#8220;335(1-79)an&#8221; e &#8220;MF&#8221;.<\/p>\n","protected":false},"featured_media":18058,"parent":0,"menu_order":0,"comment_status":"closed","ping_status":"closed","template":"","format":"standard","_links":{"self":[{"href":"https:\/\/museuflorestal.ambiente.sp.gov.br\/acervo\/wp-json\/wp\/v2\/tnc_col_329_item\/18057"}],"collection":[{"href":"https:\/\/museuflorestal.ambiente.sp.gov.br\/acervo\/wp-json\/wp\/v2\/tnc_col_329_item"}],"about":[{"href":"https:\/\/museuflorestal.ambiente.sp.gov.br\/acervo\/wp-json\/wp\/v2\/types\/tnc_col_329_item"}],"replies":[{"embeddable":true,"href":"https:\/\/museuflorestal.ambiente.sp.gov.br\/acervo\/wp-json\/wp\/v2\/comments?post=18057"}],"version-history":[{"count":0,"href":"https:\/\/museuflorestal.ambiente.sp.gov.br\/acervo\/wp-json\/wp\/v2\/tnc_col_329_item\/18057\/revisions"}],"wp:featuredmedia":[{"embeddable":true,"href":"https:\/\/museuflorestal.ambiente.sp.gov.br\/acervo\/wp-json\/wp\/v2\/media\/18058"}],"wp:attachment":[{"href":"https:\/\/museuflorestal.ambiente.sp.gov.br\/acervo\/wp-json\/wp\/v2\/media?parent=18057"}],"curies":[{"name":"wp","href":"https:\/\/api.w.org\/{rel}","templated":true}]}}

Matriz de xilogravura nº 363

<p>Taco de madeira com gravação de formas geométricas. No verso há a inscrição &#8220;363&#8221;. Nas laterais, &#8220;335(1-79)an&#8221; e &#8220;MF&#8221;.</p>
