{"id":18066,"date":"2021-12-01T00:16:06","date_gmt":"2021-12-01T02:16:06","guid":{"rendered":"https:\/\/museuflorestal.ambiente.sp.gov.br\/acervo\/?post_type=tnc_col_329_item&#038;p=18066"},"modified":"2021-12-01T00:16:08","modified_gmt":"2021-12-01T02:16:08","slug":"matriz-de-xilogravura-no-365","status":"publish","type":"tnc_col_329_item","link":"https:\/\/museuflorestal.ambiente.sp.gov.br\/acervo\/museu-florestal-octavio-vecchi\/matriz-de-xilogravura-no-365\/","title":{"rendered":"Matriz de xilogravura n\u00ba 365"},"content":{"rendered":"<p>Taco de madeira com grava\u00e7\u00e3o de formas geom\u00e9tricas. No verso h\u00e1 as inscri\u00e7\u00f5es &#8220;365&#8221; e &#8220;335AE&#8221;. Na lateral, &#8220;335(1-79)&#8221; e &#8220;MF&#8221;.<\/p>\n","protected":false},"featured_media":18067,"parent":0,"menu_order":0,"comment_status":"closed","ping_status":"closed","template":"","format":"standard","_links":{"self":[{"href":"https:\/\/museuflorestal.ambiente.sp.gov.br\/acervo\/wp-json\/wp\/v2\/tnc_col_329_item\/18066"}],"collection":[{"href":"https:\/\/museuflorestal.ambiente.sp.gov.br\/acervo\/wp-json\/wp\/v2\/tnc_col_329_item"}],"about":[{"href":"https:\/\/museuflorestal.ambiente.sp.gov.br\/acervo\/wp-json\/wp\/v2\/types\/tnc_col_329_item"}],"replies":[{"embeddable":true,"href":"https:\/\/museuflorestal.ambiente.sp.gov.br\/acervo\/wp-json\/wp\/v2\/comments?post=18066"}],"version-history":[{"count":0,"href":"https:\/\/museuflorestal.ambiente.sp.gov.br\/acervo\/wp-json\/wp\/v2\/tnc_col_329_item\/18066\/revisions"}],"wp:featuredmedia":[{"embeddable":true,"href":"https:\/\/museuflorestal.ambiente.sp.gov.br\/acervo\/wp-json\/wp\/v2\/media\/18067"}],"wp:attachment":[{"href":"https:\/\/museuflorestal.ambiente.sp.gov.br\/acervo\/wp-json\/wp\/v2\/media?parent=18066"}],"curies":[{"name":"wp","href":"https:\/\/api.w.org\/{rel}","templated":true}]}}

Matriz de xilogravura nº 365

<p>Taco de madeira com gravação de formas geométricas. No verso há as inscrições &#8220;365&#8221; e &#8220;335AE&#8221;. Na lateral, &#8220;335(1-79)&#8221; e &#8220;MF&#8221;.</p>
