{"id":18160,"date":"2021-12-01T00:18:54","date_gmt":"2021-12-01T02:18:54","guid":{"rendered":"https:\/\/museuflorestal.ambiente.sp.gov.br\/acervo\/?post_type=tnc_col_329_item&#038;p=18160"},"modified":"2021-12-01T00:18:57","modified_gmt":"2021-12-01T02:18:57","slug":"matriz-de-xilogravura-no-384","status":"publish","type":"tnc_col_329_item","link":"https:\/\/museuflorestal.ambiente.sp.gov.br\/acervo\/museu-florestal-octavio-vecchi\/matriz-de-xilogravura-no-384\/","title":{"rendered":"Matriz de xilogravura n\u00ba 384"},"content":{"rendered":"<p>Taco de madeira com grava\u00e7\u00e3o de grafismos horizontais e verticais. No verso h\u00e1 as inscri\u00e7\u00f5es &#8220;384&#8221; e &#8220;1. 6. 5. 6&#8221;. Na lateral, &#8220;336&#8221;.<\/p>\n","protected":false},"featured_media":18161,"parent":0,"menu_order":0,"comment_status":"closed","ping_status":"closed","template":"","format":"standard","_links":{"self":[{"href":"https:\/\/museuflorestal.ambiente.sp.gov.br\/acervo\/wp-json\/wp\/v2\/tnc_col_329_item\/18160"}],"collection":[{"href":"https:\/\/museuflorestal.ambiente.sp.gov.br\/acervo\/wp-json\/wp\/v2\/tnc_col_329_item"}],"about":[{"href":"https:\/\/museuflorestal.ambiente.sp.gov.br\/acervo\/wp-json\/wp\/v2\/types\/tnc_col_329_item"}],"replies":[{"embeddable":true,"href":"https:\/\/museuflorestal.ambiente.sp.gov.br\/acervo\/wp-json\/wp\/v2\/comments?post=18160"}],"version-history":[{"count":0,"href":"https:\/\/museuflorestal.ambiente.sp.gov.br\/acervo\/wp-json\/wp\/v2\/tnc_col_329_item\/18160\/revisions"}],"wp:featuredmedia":[{"embeddable":true,"href":"https:\/\/museuflorestal.ambiente.sp.gov.br\/acervo\/wp-json\/wp\/v2\/media\/18161"}],"wp:attachment":[{"href":"https:\/\/museuflorestal.ambiente.sp.gov.br\/acervo\/wp-json\/wp\/v2\/media?parent=18160"}],"curies":[{"name":"wp","href":"https:\/\/api.w.org\/{rel}","templated":true}]}}

Matriz de xilogravura nº 384

<p>Taco de madeira com gravação de grafismos horizontais e verticais. No verso há as inscrições &#8220;384&#8221; e &#8220;1. 6. 5. 6&#8221;. Na lateral, &#8220;336&#8221;.</p>
