{"id":18216,"date":"2021-12-01T00:20:36","date_gmt":"2021-12-01T02:20:36","guid":{"rendered":"https:\/\/museuflorestal.ambiente.sp.gov.br\/acervo\/?post_type=tnc_col_329_item&#038;p=18216"},"modified":"2021-12-01T00:20:38","modified_gmt":"2021-12-01T02:20:38","slug":"matriz-de-xilogravura-no-396","status":"publish","type":"tnc_col_329_item","link":"https:\/\/museuflorestal.ambiente.sp.gov.br\/acervo\/museu-florestal-octavio-vecchi\/matriz-de-xilogravura-no-396\/","title":{"rendered":"Matriz de xilogravura n\u00ba 396"},"content":{"rendered":"<p>Taco de madeira com grava\u00e7\u00e3o de grafismos horizontais e verticais. No verso h\u00e1 a inscri\u00e7\u00e3o &#8220;396&#8221;. Nas laterais, &#8220;335(1-79)AN&#8221; e &#8220;MF&#8221;.<\/p>\n","protected":false},"featured_media":18217,"parent":0,"menu_order":0,"comment_status":"closed","ping_status":"closed","template":"","format":"standard","_links":{"self":[{"href":"https:\/\/museuflorestal.ambiente.sp.gov.br\/acervo\/wp-json\/wp\/v2\/tnc_col_329_item\/18216"}],"collection":[{"href":"https:\/\/museuflorestal.ambiente.sp.gov.br\/acervo\/wp-json\/wp\/v2\/tnc_col_329_item"}],"about":[{"href":"https:\/\/museuflorestal.ambiente.sp.gov.br\/acervo\/wp-json\/wp\/v2\/types\/tnc_col_329_item"}],"replies":[{"embeddable":true,"href":"https:\/\/museuflorestal.ambiente.sp.gov.br\/acervo\/wp-json\/wp\/v2\/comments?post=18216"}],"version-history":[{"count":0,"href":"https:\/\/museuflorestal.ambiente.sp.gov.br\/acervo\/wp-json\/wp\/v2\/tnc_col_329_item\/18216\/revisions"}],"wp:featuredmedia":[{"embeddable":true,"href":"https:\/\/museuflorestal.ambiente.sp.gov.br\/acervo\/wp-json\/wp\/v2\/media\/18217"}],"wp:attachment":[{"href":"https:\/\/museuflorestal.ambiente.sp.gov.br\/acervo\/wp-json\/wp\/v2\/media?parent=18216"}],"curies":[{"name":"wp","href":"https:\/\/api.w.org\/{rel}","templated":true}]}}

Matriz de xilogravura nº 396

<p>Taco de madeira com gravação de grafismos horizontais e verticais. No verso há a inscrição &#8220;396&#8221;. Nas laterais, &#8220;335(1-79)AN&#8221; e &#8220;MF&#8221;.</p>
