{"id":18222,"date":"2021-12-01T00:20:46","date_gmt":"2021-12-01T02:20:46","guid":{"rendered":"https:\/\/museuflorestal.ambiente.sp.gov.br\/acervo\/?post_type=tnc_col_329_item&#038;p=18222"},"modified":"2021-12-01T00:20:49","modified_gmt":"2021-12-01T02:20:49","slug":"matriz-de-xilogravura-no-397","status":"publish","type":"tnc_col_329_item","link":"https:\/\/museuflorestal.ambiente.sp.gov.br\/acervo\/museu-florestal-octavio-vecchi\/matriz-de-xilogravura-no-397\/","title":{"rendered":"Matriz de xilogravura n\u00ba 397"},"content":{"rendered":"<p>Taco de madeira com grava\u00e7\u00e3o de grafismos horizontais e verticais para exerc\u00edcios. No verso h\u00e1 a inscri\u00e7\u00e3o &#8220;397&#8221; e o entalhe &#8220;2\u00ba&#8221;. Nas laterais, &#8220;335(1-79)BG&#8221; e &#8220;MF&#8221;.<\/p>\n","protected":false},"featured_media":18223,"parent":0,"menu_order":0,"comment_status":"closed","ping_status":"closed","template":"","format":"standard","_links":{"self":[{"href":"https:\/\/museuflorestal.ambiente.sp.gov.br\/acervo\/wp-json\/wp\/v2\/tnc_col_329_item\/18222"}],"collection":[{"href":"https:\/\/museuflorestal.ambiente.sp.gov.br\/acervo\/wp-json\/wp\/v2\/tnc_col_329_item"}],"about":[{"href":"https:\/\/museuflorestal.ambiente.sp.gov.br\/acervo\/wp-json\/wp\/v2\/types\/tnc_col_329_item"}],"replies":[{"embeddable":true,"href":"https:\/\/museuflorestal.ambiente.sp.gov.br\/acervo\/wp-json\/wp\/v2\/comments?post=18222"}],"version-history":[{"count":0,"href":"https:\/\/museuflorestal.ambiente.sp.gov.br\/acervo\/wp-json\/wp\/v2\/tnc_col_329_item\/18222\/revisions"}],"wp:featuredmedia":[{"embeddable":true,"href":"https:\/\/museuflorestal.ambiente.sp.gov.br\/acervo\/wp-json\/wp\/v2\/media\/18223"}],"wp:attachment":[{"href":"https:\/\/museuflorestal.ambiente.sp.gov.br\/acervo\/wp-json\/wp\/v2\/media?parent=18222"}],"curies":[{"name":"wp","href":"https:\/\/api.w.org\/{rel}","templated":true}]}}

Matriz de xilogravura nº 397

<p>Taco de madeira com gravação de grafismos horizontais e verticais para exercícios. No verso há a inscrição &#8220;397&#8221; e o entalhe &#8220;2º&#8221;. Nas laterais, &#8220;335(1-79)BG&#8221; e &#8220;MF&#8221;.</p>
