{"id":18234,"date":"2021-12-01T00:21:08","date_gmt":"2021-12-01T02:21:08","guid":{"rendered":"https:\/\/museuflorestal.ambiente.sp.gov.br\/acervo\/?post_type=tnc_col_329_item&#038;p=18234"},"modified":"2021-12-01T00:21:11","modified_gmt":"2021-12-01T02:21:11","slug":"matriz-de-xilogravura-no-399","status":"publish","type":"tnc_col_329_item","link":"https:\/\/museuflorestal.ambiente.sp.gov.br\/acervo\/museu-florestal-octavio-vecchi\/matriz-de-xilogravura-no-399\/","title":{"rendered":"Matriz de xilogravura n\u00ba 399"},"content":{"rendered":"<p>Taco de madeira com grava\u00e7\u00e3o de grafismos horizontais e verticais para exerc\u00edcios. No verso h\u00e1 as inscri\u00e7\u00f5es &#8220;399&#8221; e &#8220;Buril 11 4\u00ba 30. 3. 43&#8221;. Nas laterais, &#8220;342(1-79)&#8221; e &#8220;MF&#8221;.<\/p>\n","protected":false},"featured_media":18235,"parent":0,"menu_order":0,"comment_status":"closed","ping_status":"closed","template":"","format":"standard","_links":{"self":[{"href":"https:\/\/museuflorestal.ambiente.sp.gov.br\/acervo\/wp-json\/wp\/v2\/tnc_col_329_item\/18234"}],"collection":[{"href":"https:\/\/museuflorestal.ambiente.sp.gov.br\/acervo\/wp-json\/wp\/v2\/tnc_col_329_item"}],"about":[{"href":"https:\/\/museuflorestal.ambiente.sp.gov.br\/acervo\/wp-json\/wp\/v2\/types\/tnc_col_329_item"}],"replies":[{"embeddable":true,"href":"https:\/\/museuflorestal.ambiente.sp.gov.br\/acervo\/wp-json\/wp\/v2\/comments?post=18234"}],"version-history":[{"count":0,"href":"https:\/\/museuflorestal.ambiente.sp.gov.br\/acervo\/wp-json\/wp\/v2\/tnc_col_329_item\/18234\/revisions"}],"wp:featuredmedia":[{"embeddable":true,"href":"https:\/\/museuflorestal.ambiente.sp.gov.br\/acervo\/wp-json\/wp\/v2\/media\/18235"}],"wp:attachment":[{"href":"https:\/\/museuflorestal.ambiente.sp.gov.br\/acervo\/wp-json\/wp\/v2\/media?parent=18234"}],"curies":[{"name":"wp","href":"https:\/\/api.w.org\/{rel}","templated":true}]}}

Matriz de xilogravura nº 399

<p>Taco de madeira com gravação de grafismos horizontais e verticais para exercícios. No verso há as inscrições &#8220;399&#8221; e &#8220;Buril 11 4º 30. 3. 43&#8221;. Nas laterais, &#8220;342(1-79)&#8221; e &#8220;MF&#8221;.</p>
