{"id":18272,"date":"2021-12-01T00:22:17","date_gmt":"2021-12-01T02:22:17","guid":{"rendered":"https:\/\/museuflorestal.ambiente.sp.gov.br\/acervo\/?post_type=tnc_col_329_item&#038;p=18272"},"modified":"2021-12-01T00:22:19","modified_gmt":"2021-12-01T02:22:19","slug":"matriz-de-xilogravura-no-407","status":"publish","type":"tnc_col_329_item","link":"https:\/\/museuflorestal.ambiente.sp.gov.br\/acervo\/museu-florestal-octavio-vecchi\/matriz-de-xilogravura-no-407\/","title":{"rendered":"Matriz de xilogravura n\u00ba 407"},"content":{"rendered":"<p>Taco de madeira com grava\u00e7\u00e3o de grafismos verticais e horizontais para exerc\u00edcios. No verso h\u00e1 a inscri\u00e7\u00e3o &#8220;407&#8221; e o entalhe &#8220;1\u00ba&#8221;. Nas laterais, &#8220;335(1-79)M&#8221; e &#8220;MF&#8221;.<\/p>\n","protected":false},"featured_media":18273,"parent":0,"menu_order":0,"comment_status":"closed","ping_status":"closed","template":"","format":"standard","_links":{"self":[{"href":"https:\/\/museuflorestal.ambiente.sp.gov.br\/acervo\/wp-json\/wp\/v2\/tnc_col_329_item\/18272"}],"collection":[{"href":"https:\/\/museuflorestal.ambiente.sp.gov.br\/acervo\/wp-json\/wp\/v2\/tnc_col_329_item"}],"about":[{"href":"https:\/\/museuflorestal.ambiente.sp.gov.br\/acervo\/wp-json\/wp\/v2\/types\/tnc_col_329_item"}],"replies":[{"embeddable":true,"href":"https:\/\/museuflorestal.ambiente.sp.gov.br\/acervo\/wp-json\/wp\/v2\/comments?post=18272"}],"version-history":[{"count":0,"href":"https:\/\/museuflorestal.ambiente.sp.gov.br\/acervo\/wp-json\/wp\/v2\/tnc_col_329_item\/18272\/revisions"}],"wp:featuredmedia":[{"embeddable":true,"href":"https:\/\/museuflorestal.ambiente.sp.gov.br\/acervo\/wp-json\/wp\/v2\/media\/18273"}],"wp:attachment":[{"href":"https:\/\/museuflorestal.ambiente.sp.gov.br\/acervo\/wp-json\/wp\/v2\/media?parent=18272"}],"curies":[{"name":"wp","href":"https:\/\/api.w.org\/{rel}","templated":true}]}}

Matriz de xilogravura nº 407

<p>Taco de madeira com gravação de grafismos verticais e horizontais para exercícios. No verso há a inscrição &#8220;407&#8221; e o entalhe &#8220;1º&#8221;. Nas laterais, &#8220;335(1-79)M&#8221; e &#8220;MF&#8221;.</p>
