{"id":18328,"date":"2021-12-01T00:23:58","date_gmt":"2021-12-01T02:23:58","guid":{"rendered":"https:\/\/museuflorestal.ambiente.sp.gov.br\/acervo\/?post_type=tnc_col_329_item&#038;p=18328"},"modified":"2021-12-01T00:24:01","modified_gmt":"2021-12-01T02:24:01","slug":"matriz-de-xilogravura-no-418","status":"publish","type":"tnc_col_329_item","link":"https:\/\/museuflorestal.ambiente.sp.gov.br\/acervo\/museu-florestal-octavio-vecchi\/matriz-de-xilogravura-no-418\/","title":{"rendered":"Matriz de xilogravura n\u00ba 418"},"content":{"rendered":"<p>Taco de madeira com grava\u00e7\u00e3o de grafismos verticais e horizontais para exerc\u00edcio. No verso h\u00e1 a inscri\u00e7\u00e3o &#8220;418&#8221; e o entalhe &#8220;5\u00ba&#8221;. Na lateral, &#8220;335(1-79)AH&#8221; e &#8220;MF&#8221;.<\/p>\n","protected":false},"featured_media":18329,"parent":0,"menu_order":0,"comment_status":"closed","ping_status":"closed","template":"","format":"standard","_links":{"self":[{"href":"https:\/\/museuflorestal.ambiente.sp.gov.br\/acervo\/wp-json\/wp\/v2\/tnc_col_329_item\/18328"}],"collection":[{"href":"https:\/\/museuflorestal.ambiente.sp.gov.br\/acervo\/wp-json\/wp\/v2\/tnc_col_329_item"}],"about":[{"href":"https:\/\/museuflorestal.ambiente.sp.gov.br\/acervo\/wp-json\/wp\/v2\/types\/tnc_col_329_item"}],"replies":[{"embeddable":true,"href":"https:\/\/museuflorestal.ambiente.sp.gov.br\/acervo\/wp-json\/wp\/v2\/comments?post=18328"}],"version-history":[{"count":0,"href":"https:\/\/museuflorestal.ambiente.sp.gov.br\/acervo\/wp-json\/wp\/v2\/tnc_col_329_item\/18328\/revisions"}],"wp:featuredmedia":[{"embeddable":true,"href":"https:\/\/museuflorestal.ambiente.sp.gov.br\/acervo\/wp-json\/wp\/v2\/media\/18329"}],"wp:attachment":[{"href":"https:\/\/museuflorestal.ambiente.sp.gov.br\/acervo\/wp-json\/wp\/v2\/media?parent=18328"}],"curies":[{"name":"wp","href":"https:\/\/api.w.org\/{rel}","templated":true}]}}

Matriz de xilogravura nº 418

<p>Taco de madeira com gravação de grafismos verticais e horizontais para exercício. No verso há a inscrição &#8220;418&#8221; e o entalhe &#8220;5º&#8221;. Na lateral, &#8220;335(1-79)AH&#8221; e &#8220;MF&#8221;.</p>
