{"id":18337,"date":"2021-12-01T00:24:14","date_gmt":"2021-12-01T02:24:14","guid":{"rendered":"https:\/\/museuflorestal.ambiente.sp.gov.br\/acervo\/?post_type=tnc_col_329_item&#038;p=18337"},"modified":"2021-12-01T00:24:17","modified_gmt":"2021-12-01T02:24:17","slug":"matriz-de-xilogravura-no-420","status":"publish","type":"tnc_col_329_item","link":"https:\/\/museuflorestal.ambiente.sp.gov.br\/acervo\/museu-florestal-octavio-vecchi\/matriz-de-xilogravura-no-420\/","title":{"rendered":"Matriz de xilogravura n\u00ba 420"},"content":{"rendered":"<p>Taco de madeira com grava\u00e7\u00e3o de grafismos horizontais e verticais. No verso h\u00e1 as inscri\u00e7\u00f5es &#8220;420&#8221; e &#8220;III&#8221;. Nas laterais, &#8220;335(1-79)&#8221; e &#8220;MF&#8221;.<\/p>\n","protected":false},"featured_media":18338,"parent":0,"menu_order":0,"comment_status":"closed","ping_status":"closed","template":"","format":"standard","_links":{"self":[{"href":"https:\/\/museuflorestal.ambiente.sp.gov.br\/acervo\/wp-json\/wp\/v2\/tnc_col_329_item\/18337"}],"collection":[{"href":"https:\/\/museuflorestal.ambiente.sp.gov.br\/acervo\/wp-json\/wp\/v2\/tnc_col_329_item"}],"about":[{"href":"https:\/\/museuflorestal.ambiente.sp.gov.br\/acervo\/wp-json\/wp\/v2\/types\/tnc_col_329_item"}],"replies":[{"embeddable":true,"href":"https:\/\/museuflorestal.ambiente.sp.gov.br\/acervo\/wp-json\/wp\/v2\/comments?post=18337"}],"version-history":[{"count":0,"href":"https:\/\/museuflorestal.ambiente.sp.gov.br\/acervo\/wp-json\/wp\/v2\/tnc_col_329_item\/18337\/revisions"}],"wp:featuredmedia":[{"embeddable":true,"href":"https:\/\/museuflorestal.ambiente.sp.gov.br\/acervo\/wp-json\/wp\/v2\/media\/18338"}],"wp:attachment":[{"href":"https:\/\/museuflorestal.ambiente.sp.gov.br\/acervo\/wp-json\/wp\/v2\/media?parent=18337"}],"curies":[{"name":"wp","href":"https:\/\/api.w.org\/{rel}","templated":true}]}}

Matriz de xilogravura nº 420

<p>Taco de madeira com gravação de grafismos horizontais e verticais. No verso há as inscrições &#8220;420&#8221; e &#8220;III&#8221;. Nas laterais, &#8220;335(1-79)&#8221; e &#8220;MF&#8221;.</p>
