{"id":18396,"date":"2021-12-01T00:25:58","date_gmt":"2021-12-01T02:25:58","guid":{"rendered":"https:\/\/museuflorestal.ambiente.sp.gov.br\/acervo\/?post_type=tnc_col_329_item&#038;p=18396"},"modified":"2021-12-01T00:26:01","modified_gmt":"2021-12-01T02:26:01","slug":"impressao-de-xilogravura-10","status":"publish","type":"tnc_col_329_item","link":"https:\/\/museuflorestal.ambiente.sp.gov.br\/acervo\/museu-florestal-octavio-vecchi\/impressao-de-xilogravura-10\/","title":{"rendered":"Impress\u00e3o de xilogravura"},"content":{"rendered":"<p>Xilogravura monocrom\u00e1tica de gar\u00e7a sobre um tronco, com lago ao fundo. No canto inferior direito h\u00e1 o logotipo do museu carimbado. No verso h\u00e1 a inscri\u00e7\u00e3o a l\u00e1pis &#8220;012 Jul\/86&#8221; e uma rubrica. Impress\u00e3o de Rosita Gouvea, da matriz de aluno de Adolf Kohler<\/p>\n","protected":false},"featured_media":18397,"parent":0,"menu_order":0,"comment_status":"closed","ping_status":"closed","template":"","format":"standard","_links":{"self":[{"href":"https:\/\/museuflorestal.ambiente.sp.gov.br\/acervo\/wp-json\/wp\/v2\/tnc_col_329_item\/18396"}],"collection":[{"href":"https:\/\/museuflorestal.ambiente.sp.gov.br\/acervo\/wp-json\/wp\/v2\/tnc_col_329_item"}],"about":[{"href":"https:\/\/museuflorestal.ambiente.sp.gov.br\/acervo\/wp-json\/wp\/v2\/types\/tnc_col_329_item"}],"replies":[{"embeddable":true,"href":"https:\/\/museuflorestal.ambiente.sp.gov.br\/acervo\/wp-json\/wp\/v2\/comments?post=18396"}],"version-history":[{"count":0,"href":"https:\/\/museuflorestal.ambiente.sp.gov.br\/acervo\/wp-json\/wp\/v2\/tnc_col_329_item\/18396\/revisions"}],"wp:featuredmedia":[{"embeddable":true,"href":"https:\/\/museuflorestal.ambiente.sp.gov.br\/acervo\/wp-json\/wp\/v2\/media\/18397"}],"wp:attachment":[{"href":"https:\/\/museuflorestal.ambiente.sp.gov.br\/acervo\/wp-json\/wp\/v2\/media?parent=18396"}],"curies":[{"name":"wp","href":"https:\/\/api.w.org\/{rel}","templated":true}]}}

Impressão de xilogravura

<p>Xilogravura monocromática de garça sobre um tronco, com lago ao fundo. No canto inferior direito há o logotipo do museu carimbado. No verso há a inscrição a lápis &#8220;012 Jul/86&#8221; e uma rubrica. Impressão de Rosita Gouvea, da matriz de aluno de Adolf Kohler</p>
