{"id":18593,"date":"2021-12-01T00:29:55","date_gmt":"2021-12-01T02:29:55","guid":{"rendered":"https:\/\/museuflorestal.ambiente.sp.gov.br\/acervo\/?post_type=tnc_col_329_item&#038;p=18593"},"modified":"2021-12-01T00:29:57","modified_gmt":"2021-12-01T02:29:57","slug":"impressao-de-xilogravura-67","status":"publish","type":"tnc_col_329_item","link":"https:\/\/museuflorestal.ambiente.sp.gov.br\/acervo\/museu-florestal-octavio-vecchi\/impressao-de-xilogravura-67\/","title":{"rendered":"Impress\u00e3o de xilogravura"},"content":{"rendered":"<p>Xilogravura monocrom\u00e1tica com a inscri\u00e7\u00e3o &#8220;Banco Am\u00e9rica do Sul Ltda&#8221;. No verso, no canto inferior esquerdo, h\u00e1 a inscri\u00e7\u00e3o &#8220;074 Nov\/86&#8221; e uma rubrica. No canto inferior direito h\u00e1 uma etiqueta com a inscri\u00e7\u00e3o &#8220;Xilogravura impressa pelo Museu Florestal Octavio Vecchi da matriz de aluno de A. Kohler de sua propriedade&#8221;, o logotipo do museu carimbado e a assinatura &#8220;W. Netto&#8221;. Impress\u00e3o de Rosita Gouvea, da matriz de aluno de Adolf Kohler<\/p>\n","protected":false},"featured_media":18594,"parent":0,"menu_order":0,"comment_status":"closed","ping_status":"closed","template":"","format":"standard","_links":{"self":[{"href":"https:\/\/museuflorestal.ambiente.sp.gov.br\/acervo\/wp-json\/wp\/v2\/tnc_col_329_item\/18593"}],"collection":[{"href":"https:\/\/museuflorestal.ambiente.sp.gov.br\/acervo\/wp-json\/wp\/v2\/tnc_col_329_item"}],"about":[{"href":"https:\/\/museuflorestal.ambiente.sp.gov.br\/acervo\/wp-json\/wp\/v2\/types\/tnc_col_329_item"}],"replies":[{"embeddable":true,"href":"https:\/\/museuflorestal.ambiente.sp.gov.br\/acervo\/wp-json\/wp\/v2\/comments?post=18593"}],"version-history":[{"count":0,"href":"https:\/\/museuflorestal.ambiente.sp.gov.br\/acervo\/wp-json\/wp\/v2\/tnc_col_329_item\/18593\/revisions"}],"wp:featuredmedia":[{"embeddable":true,"href":"https:\/\/museuflorestal.ambiente.sp.gov.br\/acervo\/wp-json\/wp\/v2\/media\/18594"}],"wp:attachment":[{"href":"https:\/\/museuflorestal.ambiente.sp.gov.br\/acervo\/wp-json\/wp\/v2\/media?parent=18593"}],"curies":[{"name":"wp","href":"https:\/\/api.w.org\/{rel}","templated":true}]}}

Impressão de xilogravura

<p>Xilogravura monocromática com a inscrição &#8220;Banco América do Sul Ltda&#8221;. No verso, no canto inferior esquerdo, há a inscrição &#8220;074 Nov/86&#8221; e uma rubrica. No canto inferior direito há uma etiqueta com a inscrição &#8220;Xilogravura impressa pelo Museu Florestal Octavio Vecchi da matriz de aluno de A. Kohler de sua propriedade&#8221;, o logotipo do museu carimbado e a assinatura &#8220;W. Netto&#8221;. Impressão de Rosita Gouvea, da matriz de aluno de Adolf Kohler</p>
