{"id":18665,"date":"2021-12-01T00:31:24","date_gmt":"2021-12-01T02:31:24","guid":{"rendered":"https:\/\/museuflorestal.ambiente.sp.gov.br\/acervo\/?post_type=tnc_col_329_item&#038;p=18665"},"modified":"2021-12-01T00:31:27","modified_gmt":"2021-12-01T02:31:27","slug":"impressao-de-xilogravura-89","status":"publish","type":"tnc_col_329_item","link":"https:\/\/museuflorestal.ambiente.sp.gov.br\/acervo\/museu-florestal-octavio-vecchi\/impressao-de-xilogravura-89\/","title":{"rendered":"Impress\u00e3o de xilogravura"},"content":{"rendered":"<p>Xilogravura monocrom\u00e1tica de conex\u00f5es hidr\u00e1ulicas e inscri\u00e7\u00e3o &#8220;Meine hausmarke der preiswerte kaffe e mitdem k\u00f6sflichen aroma&#8221;. Ao centro h\u00e1 a inscri\u00e7\u00e3o &#8220;WM 31-7-42&#8221;. No verso, no canto inferior esquerdo, h\u00e1 a inscri\u00e7\u00e3o a l\u00e1pis 099 Ago\/86&#8243; e uma rubrica. No canto inferior direito h\u00e1 uma etiqueta com a inscri\u00e7\u00e3o &#8220;Xilogravura impressa pelo Museu Florestal Octavio Vecchi da matriz de Waldemar Moll de sua propriedade&#8221;, o logotipo do museu carimbado e a assinatura &#8220;W. Netto&#8221;. Impress\u00e3o de Rosita Gouvea, da matriz de Waldemar Moll<\/p>\n","protected":false},"featured_media":18666,"parent":0,"menu_order":0,"comment_status":"closed","ping_status":"closed","template":"","format":"standard","_links":{"self":[{"href":"https:\/\/museuflorestal.ambiente.sp.gov.br\/acervo\/wp-json\/wp\/v2\/tnc_col_329_item\/18665"}],"collection":[{"href":"https:\/\/museuflorestal.ambiente.sp.gov.br\/acervo\/wp-json\/wp\/v2\/tnc_col_329_item"}],"about":[{"href":"https:\/\/museuflorestal.ambiente.sp.gov.br\/acervo\/wp-json\/wp\/v2\/types\/tnc_col_329_item"}],"replies":[{"embeddable":true,"href":"https:\/\/museuflorestal.ambiente.sp.gov.br\/acervo\/wp-json\/wp\/v2\/comments?post=18665"}],"version-history":[{"count":0,"href":"https:\/\/museuflorestal.ambiente.sp.gov.br\/acervo\/wp-json\/wp\/v2\/tnc_col_329_item\/18665\/revisions"}],"wp:featuredmedia":[{"embeddable":true,"href":"https:\/\/museuflorestal.ambiente.sp.gov.br\/acervo\/wp-json\/wp\/v2\/media\/18666"}],"wp:attachment":[{"href":"https:\/\/museuflorestal.ambiente.sp.gov.br\/acervo\/wp-json\/wp\/v2\/media?parent=18665"}],"curies":[{"name":"wp","href":"https:\/\/api.w.org\/{rel}","templated":true}]}}

Impressão de xilogravura

<p>Xilogravura monocromática de conexões hidráulicas e inscrição &#8220;Meine hausmarke der preiswerte kaffe e mitdem kösflichen aroma&#8221;. Ao centro há a inscrição &#8220;WM 31-7-42&#8221;. No verso, no canto inferior esquerdo, há a inscrição a lápis 099 Ago/86&#8243; e uma rubrica. No canto inferior direito há uma etiqueta com a inscrição &#8220;Xilogravura impressa pelo Museu Florestal Octavio Vecchi da matriz de Waldemar Moll de sua propriedade&#8221;, o logotipo do museu carimbado e a assinatura &#8220;W. Netto&#8221;. Impressão de Rosita Gouvea, da matriz de Waldemar Moll</p>
