{"id":18729,"date":"2021-12-01T00:32:56","date_gmt":"2021-12-01T02:32:56","guid":{"rendered":"https:\/\/museuflorestal.ambiente.sp.gov.br\/acervo\/?post_type=tnc_col_329_item&#038;p=18729"},"modified":"2021-12-01T00:32:58","modified_gmt":"2021-12-01T02:32:58","slug":"impressao-de-xilogravura-108","status":"publish","type":"tnc_col_329_item","link":"https:\/\/museuflorestal.ambiente.sp.gov.br\/acervo\/museu-florestal-octavio-vecchi\/impressao-de-xilogravura-108\/","title":{"rendered":"Impress\u00e3o de xilogravura"},"content":{"rendered":"<p>Xilogravura monocrom\u00e1tica de logotipo espelhado &#8220;Edition Jobo&#8221;. No lado esquerdo do desenho h\u00e1 a inscri\u00e7\u00e3o &#8220;WM&#8221;. No verso, no canto inferior esquerdo, h\u00e1 a inscri\u00e7\u00e3o a l\u00e1pis &#8220;119 Set\/86&#8221; e uma rubrica. No canto inferior direito h\u00e1 uma etiqueta com a inscri\u00e7\u00e3o &#8220;Xilogravura impressa pelo Museu Florestal Octavio Vecchi da matriz de aluno de A. Kohler de sua propriedade&#8221;, o logotipo do museu carimbado e a assinatura &#8220;W. Netto&#8221;. Impress\u00e3o de Rosita Gouvea, da matriz de Waldemar Moll<\/p>\n","protected":false},"featured_media":18730,"parent":0,"menu_order":0,"comment_status":"closed","ping_status":"closed","template":"","format":"standard","_links":{"self":[{"href":"https:\/\/museuflorestal.ambiente.sp.gov.br\/acervo\/wp-json\/wp\/v2\/tnc_col_329_item\/18729"}],"collection":[{"href":"https:\/\/museuflorestal.ambiente.sp.gov.br\/acervo\/wp-json\/wp\/v2\/tnc_col_329_item"}],"about":[{"href":"https:\/\/museuflorestal.ambiente.sp.gov.br\/acervo\/wp-json\/wp\/v2\/types\/tnc_col_329_item"}],"replies":[{"embeddable":true,"href":"https:\/\/museuflorestal.ambiente.sp.gov.br\/acervo\/wp-json\/wp\/v2\/comments?post=18729"}],"version-history":[{"count":0,"href":"https:\/\/museuflorestal.ambiente.sp.gov.br\/acervo\/wp-json\/wp\/v2\/tnc_col_329_item\/18729\/revisions"}],"wp:featuredmedia":[{"embeddable":true,"href":"https:\/\/museuflorestal.ambiente.sp.gov.br\/acervo\/wp-json\/wp\/v2\/media\/18730"}],"wp:attachment":[{"href":"https:\/\/museuflorestal.ambiente.sp.gov.br\/acervo\/wp-json\/wp\/v2\/media?parent=18729"}],"curies":[{"name":"wp","href":"https:\/\/api.w.org\/{rel}","templated":true}]}}

Impressão de xilogravura

<p>Xilogravura monocromática de logotipo espelhado &#8220;Edition Jobo&#8221;. No lado esquerdo do desenho há a inscrição &#8220;WM&#8221;. No verso, no canto inferior esquerdo, há a inscrição a lápis &#8220;119 Set/86&#8221; e uma rubrica. No canto inferior direito há uma etiqueta com a inscrição &#8220;Xilogravura impressa pelo Museu Florestal Octavio Vecchi da matriz de aluno de A. Kohler de sua propriedade&#8221;, o logotipo do museu carimbado e a assinatura &#8220;W. Netto&#8221;. Impressão de Rosita Gouvea, da matriz de Waldemar Moll</p>
