{"id":18793,"date":"2021-12-01T00:34:10","date_gmt":"2021-12-01T02:34:10","guid":{"rendered":"https:\/\/museuflorestal.ambiente.sp.gov.br\/acervo\/?post_type=tnc_col_329_item&#038;p=18793"},"modified":"2021-12-01T00:34:13","modified_gmt":"2021-12-01T02:34:13","slug":"impressao-de-xilogravura-128","status":"publish","type":"tnc_col_329_item","link":"https:\/\/museuflorestal.ambiente.sp.gov.br\/acervo\/museu-florestal-octavio-vecchi\/impressao-de-xilogravura-128\/","title":{"rendered":"Impress\u00e3o de xilogravura"},"content":{"rendered":"<p>Xilogravura monocrom\u00e1tica de gr\u00e1fico de temperatura e umidade do ar. No canto inferior direito h\u00e1 o logotipo do museu carimbado. No verso, no canto inferior esquerdo, h\u00e1 a inscri\u00e7\u00e3o a l\u00e1pis &#8220;153 Jul\/86&#8221; e uma rubrica. Impress\u00e3o de Rosita Gouvea, da matriz de aluno de Adolf Kohler<\/p>\n","protected":false},"featured_media":18794,"parent":0,"menu_order":0,"comment_status":"closed","ping_status":"closed","template":"","format":"standard","_links":{"self":[{"href":"https:\/\/museuflorestal.ambiente.sp.gov.br\/acervo\/wp-json\/wp\/v2\/tnc_col_329_item\/18793"}],"collection":[{"href":"https:\/\/museuflorestal.ambiente.sp.gov.br\/acervo\/wp-json\/wp\/v2\/tnc_col_329_item"}],"about":[{"href":"https:\/\/museuflorestal.ambiente.sp.gov.br\/acervo\/wp-json\/wp\/v2\/types\/tnc_col_329_item"}],"replies":[{"embeddable":true,"href":"https:\/\/museuflorestal.ambiente.sp.gov.br\/acervo\/wp-json\/wp\/v2\/comments?post=18793"}],"version-history":[{"count":0,"href":"https:\/\/museuflorestal.ambiente.sp.gov.br\/acervo\/wp-json\/wp\/v2\/tnc_col_329_item\/18793\/revisions"}],"wp:featuredmedia":[{"embeddable":true,"href":"https:\/\/museuflorestal.ambiente.sp.gov.br\/acervo\/wp-json\/wp\/v2\/media\/18794"}],"wp:attachment":[{"href":"https:\/\/museuflorestal.ambiente.sp.gov.br\/acervo\/wp-json\/wp\/v2\/media?parent=18793"}],"curies":[{"name":"wp","href":"https:\/\/api.w.org\/{rel}","templated":true}]}}

Impressão de xilogravura

<p>Xilogravura monocromática de gráfico de temperatura e umidade do ar. No canto inferior direito há o logotipo do museu carimbado. No verso, no canto inferior esquerdo, há a inscrição a lápis &#8220;153 Jul/86&#8221; e uma rubrica. Impressão de Rosita Gouvea, da matriz de aluno de Adolf Kohler</p>
