{"id":19274,"date":"2021-12-01T00:47:41","date_gmt":"2021-12-01T02:47:41","guid":{"rendered":"https:\/\/museuflorestal.ambiente.sp.gov.br\/acervo\/?post_type=tnc_col_329_item&#038;p=19274"},"modified":"2021-12-01T00:47:44","modified_gmt":"2021-12-01T02:47:44","slug":"impressao-de-xilogravura-281","status":"publish","type":"tnc_col_329_item","link":"https:\/\/museuflorestal.ambiente.sp.gov.br\/acervo\/museu-florestal-octavio-vecchi\/impressao-de-xilogravura-281\/","title":{"rendered":"Impress\u00e3o de xilogravura"},"content":{"rendered":"<p>Xilogravura monocrom\u00e1tica de retrato do Marechal Himdemburg. No canto inferior direito h\u00e1 o logotipo do museu carimbado. No canto inferior direito h\u00e1 a inscri\u00e7\u00e3o &#8220;A Kohler Xylogr. &#8220;. Abaixo do desenho h\u00e1 a inscri\u00e7\u00e3o a l\u00e1pis &#8220;Gravura em madeira&#8221; e a assinatura &#8220;Adolf Kohler&#8221;.<\/p>\n","protected":false},"featured_media":19275,"parent":0,"menu_order":0,"comment_status":"closed","ping_status":"closed","template":"","format":"standard","_links":{"self":[{"href":"https:\/\/museuflorestal.ambiente.sp.gov.br\/acervo\/wp-json\/wp\/v2\/tnc_col_329_item\/19274"}],"collection":[{"href":"https:\/\/museuflorestal.ambiente.sp.gov.br\/acervo\/wp-json\/wp\/v2\/tnc_col_329_item"}],"about":[{"href":"https:\/\/museuflorestal.ambiente.sp.gov.br\/acervo\/wp-json\/wp\/v2\/types\/tnc_col_329_item"}],"replies":[{"embeddable":true,"href":"https:\/\/museuflorestal.ambiente.sp.gov.br\/acervo\/wp-json\/wp\/v2\/comments?post=19274"}],"version-history":[{"count":0,"href":"https:\/\/museuflorestal.ambiente.sp.gov.br\/acervo\/wp-json\/wp\/v2\/tnc_col_329_item\/19274\/revisions"}],"wp:featuredmedia":[{"embeddable":true,"href":"https:\/\/museuflorestal.ambiente.sp.gov.br\/acervo\/wp-json\/wp\/v2\/media\/19275"}],"wp:attachment":[{"href":"https:\/\/museuflorestal.ambiente.sp.gov.br\/acervo\/wp-json\/wp\/v2\/media?parent=19274"}],"curies":[{"name":"wp","href":"https:\/\/api.w.org\/{rel}","templated":true}]}}

Impressão de xilogravura

<p>Xilogravura monocromática de retrato do Marechal Himdemburg. No canto inferior direito há o logotipo do museu carimbado. No canto inferior direito há a inscrição &#8220;A Kohler Xylogr. &#8220;. Abaixo do desenho há a inscrição a lápis &#8220;Gravura em madeira&#8221; e a assinatura &#8220;Adolf Kohler&#8221;.</p>
