{"id":19280,"date":"2021-12-01T00:47:52","date_gmt":"2021-12-01T02:47:52","guid":{"rendered":"https:\/\/museuflorestal.ambiente.sp.gov.br\/acervo\/?post_type=tnc_col_329_item&#038;p=19280"},"modified":"2021-12-01T00:47:55","modified_gmt":"2021-12-01T02:47:55","slug":"xilogravura-2","status":"publish","type":"tnc_col_329_item","link":"https:\/\/museuflorestal.ambiente.sp.gov.br\/acervo\/museu-florestal-octavio-vecchi\/xilogravura-2\/","title":{"rendered":"Xilogravura"},"content":{"rendered":"<p>Xilogravura monocrom\u00e1tica de paisagem com duas \u00e1rvores ao centro e mar ao fundo. No canto inferior esquerdo h\u00e1 a inscri\u00e7\u00e3o &#8220;Rio de Janeiro&#8221;. No canto inferior direito h\u00e1 a inscri\u00e7\u00e3o &#8220;A. Kohler Xylogr. &#8220;. Abaixo do desenho h\u00e1 a inscri\u00e7\u00e3o &#8220;Gravura em madeira&#8221; e a assinatura &#8220;Adolf Kohler&#8221;. No verso, no canto inferior direito h\u00e1 uma etiqueta com a inscri\u00e7\u00e3o &#8220;Xilogravura impressa pelo Museu Florestal Octavio Vecchi da matriz de Adolf Kohler por Adolf Kohler de sua propriedade&#8221;, o logotipo do museu carimbado e a assinatura &#8220;W. Netto&#8221;.<\/p>\n","protected":false},"featured_media":19281,"parent":0,"menu_order":0,"comment_status":"closed","ping_status":"closed","template":"","format":"standard","_links":{"self":[{"href":"https:\/\/museuflorestal.ambiente.sp.gov.br\/acervo\/wp-json\/wp\/v2\/tnc_col_329_item\/19280"}],"collection":[{"href":"https:\/\/museuflorestal.ambiente.sp.gov.br\/acervo\/wp-json\/wp\/v2\/tnc_col_329_item"}],"about":[{"href":"https:\/\/museuflorestal.ambiente.sp.gov.br\/acervo\/wp-json\/wp\/v2\/types\/tnc_col_329_item"}],"replies":[{"embeddable":true,"href":"https:\/\/museuflorestal.ambiente.sp.gov.br\/acervo\/wp-json\/wp\/v2\/comments?post=19280"}],"version-history":[{"count":0,"href":"https:\/\/museuflorestal.ambiente.sp.gov.br\/acervo\/wp-json\/wp\/v2\/tnc_col_329_item\/19280\/revisions"}],"wp:featuredmedia":[{"embeddable":true,"href":"https:\/\/museuflorestal.ambiente.sp.gov.br\/acervo\/wp-json\/wp\/v2\/media\/19281"}],"wp:attachment":[{"href":"https:\/\/museuflorestal.ambiente.sp.gov.br\/acervo\/wp-json\/wp\/v2\/media?parent=19280"}],"curies":[{"name":"wp","href":"https:\/\/api.w.org\/{rel}","templated":true}]}}

<p>Xilogravura monocromática de paisagem com duas árvores ao centro e mar ao fundo. No canto inferior esquerdo há a inscrição &#8220;Rio de Janeiro&#8221;. No canto inferior direito há a inscrição &#8220;A. Kohler Xylogr. &#8220;. Abaixo do desenho há a inscrição &#8220;Gravura em madeira&#8221; e a assinatura &#8220;Adolf Kohler&#8221;. No verso, no canto inferior direito há uma etiqueta com a inscrição &#8220;Xilogravura impressa pelo Museu Florestal Octavio Vecchi da matriz de Adolf Kohler por Adolf Kohler de sua propriedade&#8221;, o logotipo do museu carimbado e a assinatura &#8220;W. Netto&#8221;.</p>
